{"id":110,"date":"2016-05-27T20:36:27","date_gmt":"2016-05-27T20:36:27","guid":{"rendered":"http:\/\/www.politikfrance.fr\/?page_id=110"},"modified":"2017-08-30T02:23:20","modified_gmt":"2017-08-30T02:23:20","slug":"economie-de-proximite","status":"publish","type":"page","link":"http:\/\/www.politikfrance.fr\/index.php\/economie-de-proximite\/","title":{"rendered":"ECONOMIE DE PROXIMITE"},"content":{"rendered":"<h1 style=\"text-align: center;\">D\u00e9veloppement de l&rsquo;\u00e9conomie de proximit\u00e9<\/h1>\n<p>&nbsp;<\/p>\n<p>&nbsp;<\/p>\n<h2>A \/ Cr\u00e9er les conditions d&rsquo;une \u00e9conomie de proximit\u00e9<\/h2>\n<p style=\"text-align: justify;\"><strong>Les pouvoirs publics se doivent de cr\u00e9er les conditions<\/strong> pour l&rsquo;implantation <strong>d&rsquo;une \u00e9conomie de proximit\u00e9<\/strong>. Reposant sur de <strong>fortes interactions et d\u2019excellentes capacit\u00e9s de coordination<\/strong>. Cela n\u2019est <strong>possible<\/strong> que <strong>si<\/strong> les acteurs trouvent autour d\u2019eux <strong>des services publics efficaces, un r\u00e9seau de communication optimal, un commerce de proximit\u00e9 vigoureux, des professions lib\u00e9raux en nombre assurant des services diversifi\u00e9s<\/strong>, des agriculteurs susceptibles d\u2019\u0153uvrer \u00e0 la qualit\u00e9 de vie par l&rsquo;entretien du paysage et une alimentation saine.<\/p>\n<p style=\"text-align: justify;\">La mise en place d&rsquo;<strong>un tel r\u00e9seau<\/strong> bien agenc\u00e9 <strong>demande des comp\u00e9tences<\/strong>. L&rsquo;effort est d&rsquo;une part de s&rsquo;assurer de la bonne vivacit\u00e9 de ces fili\u00e8res de<strong> formation<\/strong>. Fili\u00e8res am\u00e9nagement du territoire, coordination, sociologie, \u00e9conomie mixte&#8230; d&rsquo;autre part, il s&rsquo;agit de cr\u00e9er les <strong>conditions fiscales<\/strong> bien dimensionn\u00e9es afin d&rsquo;\u00e9quilibrer les corps de m\u00e9tiers compl\u00e9mentaires en terme de dimensionnement de l&rsquo;offre et de la demande. C&rsquo;est une gestion au petit oignon. <strong>R\u00e9guler demande plus d&rsquo;effort que laisser faire<\/strong>.<\/p>\n<h2>B \/ Un \u00e9quilibre mixte de l&rsquo;urbanisme :<\/h2>\n<p style=\"text-align: justify;\"><strong>Par ailleurs, l\u2019une des sources de d\u00e9sagr\u00e9gation du lien social est \u00e0 chercher dans les cons\u00e9quences d\u2019un urbanisme au sein duquel sont s\u00e9par\u00e9es d\u2019un c\u00f4t\u00e9 des zones commerciales, d\u2019un autre des zones artisanales, d\u2019un autre encore des zones d\u2019habitats<\/strong>.<\/p>\n<p style=\"text-align: justify;\">Une solution est la n\u00e9gociation avec les bailleurs pour faire baisser le prix des loyers lors du renouvellement de certains baux sur le territoire, voir le refus d&rsquo;extension de grande surface pour assurer la diversit\u00e9 de l&rsquo;offre commerciale, comme vient de le pratiquer le maire de Paris dans plusieurs arrondissements de la capitale.<\/p>\n<h2>C \/ Transmission des entreprises :<\/h2>\n<p style=\"text-align: justify;\">Il convient de mettre en place des fonds\u00a0de soutien \u00e0 la reprise d\u2019entreprise :<\/p>\n<p style=\"text-align: justify;\">La premi\u00e8re chose est de <strong>fixer les dispositifs sur une dur\u00e9e suffisamment longue<\/strong> pour donner de la <strong>visibilit\u00e9<\/strong> aux entreprises et \u00e0 leurs reprenants.<\/p>\n<p style=\"text-align: justify;\">La deuxi\u00e8me est de cr\u00e9er une <strong>base de donn\u00e9e<\/strong> dans le m\u00eame organisme, regroupant un <strong>observatoire<\/strong> des chefs d&rsquo;Entreprises proche de la <strong>retraite<\/strong>,<strong> et des porteurs de projet<\/strong> afin de les mettre en relation.<\/p>\n<p style=\"text-align: justify;\">La troisi\u00e8me est de <strong>favoriser les d\u00e9parts \u00e0 la retraite par une fiscalit\u00e9 diminu\u00e9e, coupl\u00e9e \u00e0 une reprise \u00e0 fiscalit\u00e9 diminu\u00e9e<\/strong> \u00e9galement pour le repreneur dans les 3 premi\u00e8res ann\u00e9es, ou une aide sous forme de pr\u00eat bonifi\u00e9.<\/p>\n<h2>Conclusion :<\/h2>\n<p style=\"text-align: justify;\">Si les politiques sociales en France <strong>favorisaient l\u2019\u00e9conomie de proximit\u00e9,<\/strong> en retour cette derni\u00e8re produirait <strong>plus de PIB, tout en renfor\u00e7ant la sant\u00e9 sociale du pays<\/strong>. En fait, <strong>L\u2019\u00e9conomie de proximit\u00e9<\/strong> interviendrait comme <strong>un op\u00e9rateur de qualit\u00e9 de vie<\/strong>, avec un <strong>double objectif<\/strong> : <strong>d\u00e9veloppement de la personne et d\u00e9veloppement territorial.<\/strong><\/p>\n<p style=\"text-align: justify;\">Cependant, il ne faut pas sous estimer l&rsquo;ampleur de la t\u00e2che, et <strong>se donner les moyens de nos ambitions<\/strong> : Mise en place de <strong>plan de formation<\/strong>, dans les m\u00e9tiers de coordination, de sociologie et d&rsquo;\u00e9conomie mixte par exemple. R\u00e9vision des fiscalit\u00e9s. <strong>Passer du Libre \u00c9change Total au Libre \u00c9change R\u00e9gul\u00e9<\/strong>.<\/p>\n<p style=\"text-align: justify;\">G\u00e9rer de l&rsquo;humain et mettre en harmonie leurs activit\u00e9s de production et de consommation dans un territoire (\u00e0 l&rsquo;\u00e9chelle d&rsquo;une Ville, D\u00e9partement, R\u00e9gion ou \u00c9tat), est un tout autre d\u00e9fi que de tout laisser faire seul et regarder qui s&rsquo;en sort et qui meurt.<\/p>\n<p>&nbsp;<\/p>\n","protected":false},"excerpt":{"rendered":"<p>D\u00e9veloppement de l&rsquo;\u00e9conomie de proximit\u00e9 &nbsp; &nbsp; A \/ Cr\u00e9er les conditions d&rsquo;une \u00e9conomie de proximit\u00e9 Les pouvoirs publics se doivent de cr\u00e9er les conditions pour l&rsquo;implantation d&rsquo;une \u00e9conomie de proximit\u00e9. Reposant sur de fortes interactions et d\u2019excellentes capacit\u00e9s de <a href=\"http:\/\/www.politikfrance.fr\/index.php\/economie-de-proximite\/\" class=\"read-more\">En savoir plus &#8230;<\/a><\/p>\n","protected":false},"author":2,"featured_media":0,"parent":0,"menu_order":0,"comment_status":"closed","ping_status":"closed","template":"","meta":{"footnotes":""},"class_list":["post-110","page","type-page","status-publish","hentry"],"_links":{"self":[{"href":"http:\/\/www.politikfrance.fr\/index.php\/wp-json\/wp\/v2\/pages\/110","targetHints":{"allow":["GET"]}}],"collection":[{"href":"http:\/\/www.politikfrance.fr\/index.php\/wp-json\/wp\/v2\/pages"}],"about":[{"href":"http:\/\/www.politikfrance.fr\/index.php\/wp-json\/wp\/v2\/types\/page"}],"author":[{"embeddable":true,"href":"http:\/\/www.politikfrance.fr\/index.php\/wp-json\/wp\/v2\/users\/2"}],"replies":[{"embeddable":true,"href":"http:\/\/www.politikfrance.fr\/index.php\/wp-json\/wp\/v2\/comments?post=110"}],"version-history":[{"count":9,"href":"http:\/\/www.politikfrance.fr\/index.php\/wp-json\/wp\/v2\/pages\/110\/revisions"}],"predecessor-version":[{"id":636,"href":"http:\/\/www.politikfrance.fr\/index.php\/wp-json\/wp\/v2\/pages\/110\/revisions\/636"}],"wp:attachment":[{"href":"http:\/\/www.politikfrance.fr\/index.php\/wp-json\/wp\/v2\/media?parent=110"}],"curies":[{"name":"wp","href":"https:\/\/api.w.org\/{rel}","templated":true}]}}