{"id":33,"date":"2016-05-23T18:05:49","date_gmt":"2016-05-23T18:05:49","guid":{"rendered":"http:\/\/www.politikfrance.fr\/?page_id=33"},"modified":"2016-06-17T03:13:04","modified_gmt":"2016-06-17T03:13:04","slug":"protection-sociale","status":"publish","type":"page","link":"http:\/\/www.politikfrance.fr\/index.php\/protection-sociale\/","title":{"rendered":"ENVIRONNEMENT"},"content":{"rendered":"<h1 align=\"CENTER\">La protection de l&rsquo;environnement et la protection sanitaire au service des Fran\u00e7ais<\/h1>\n<h2>A \/ Pr\u00e9alable \u00a0:<\/h2>\n<p style=\"text-align: justify;\">J&rsquo;entends par \u00ab\u00a0protection de l&rsquo;environnement ou protection sanitaire \u00bb, la <strong>protection<\/strong> de nos <strong>ressources<\/strong>, celles qui nous sont indispensables, sans lesquelles nous hypoth\u00e9quons les chances de survie des <strong>g\u00e9n\u00e9rations futures<\/strong> \u00e0 diff\u00e9rents niveaux d&rsquo;\u00e9chelles de temps. Protection sanitaire, parce qu&rsquo;il s&rsquo;agit de <strong>prot\u00e9ger la sant\u00e9<\/strong> publique en <strong>ma\u00eetrisant notre impacte<\/strong> sur l&rsquo;environnement, par le biais de la gestion des \u00e9l\u00e9ments que nous y introduisons.<\/p>\n<h3>3 compartiments essentiels peuvent \u00eatre affect\u00e9s\u00a0:<\/h3>\n<p style=\"text-align: justify;\"><strong>L&rsquo;eau<\/strong>, celui que nous buvons, indispensables \u00e0 la vie.<\/p>\n<p style=\"text-align: justify;\"><strong>La terre<\/strong>, le support de nos cultures, de nos \u00e9levages. Celle qui nous nourrit. Celle de nos for\u00eats productrices d&rsquo;oxyg\u00e8nes aussi.<\/p>\n<p style=\"text-align: justify;\"><strong>L&rsquo;air<\/strong> que nous respirons, indispensable \u00e0 la vie.<\/p>\n<p style=\"text-align: justify;\">C&rsquo;est aussi une histoire d&rsquo;argent. Si demain nous devrions d\u00e9polluer l&rsquo;air, cela nous co\u00fbterait cher. Tout comme actuellement, un puits condamn\u00e9 pour cause de pollution nous co\u00fbte une nouvelle ressource \u00e0 trouver et un nouveau puits \u00e0 creuser, relier et distribuer. Tout comme les budgets affect\u00e9s aux affections respiratoires dues aux pollutions, aujourd&rsquo;hui ils p\u00e8sent lourds dans les budgets des pays.<\/p>\n<p style=\"text-align: justify;\"><strong>\u00c9conomiquement, mieux vaut pr\u00e9venir que gu\u00e9rir \u2026 Humainement, concernant les vies individuelles, mieux vaut pr\u00e9venir que gu\u00e9rir.<\/strong><\/p>\n<p style=\"text-align: justify;\">A ce chapitre, nous ajouterons la gestions de nos d\u00e9chets, urbains, agricoles et industrielles. Obligatoirement.<\/p>\n<h2>B \/ La pr\u00e9vention des risques de pollution de l&rsquo;eau :<\/h2>\n<p style=\"text-align: justify;\">Un ensemble de produits de consommation courante sont potentiellement susceptible de se retrouver dans nos ressources en eau. Nous parlons souvent de la <strong>pollution<\/strong> au nitrate, aux pesticides, aux antibiotiques, mais il s&rsquo;agit en fait de tout contaminant de synth\u00e8se ou non, dont la pr\u00e9sence est <strong>anormale<\/strong>. N&rsquo;oublions pas que les <strong>plastiques<\/strong>, qui ont envahit la plan\u00e8te depuis le p\u00e9trole, en fait partie de mani\u00e8re majeure et sous diff\u00e9rentes formes.<\/p>\n<p style=\"text-align: justify;\">Dans notre pays qu&rsquo;est la France, <strong>la r\u00e9glementation<\/strong> de l&rsquo;eau, la protection de la ressource, la r\u00e9glementation de son pr\u00e9l\u00e8vement et de son usage sont relativement bien encadr\u00e9es. Les activit\u00e9s agricoles, et urbaines, qui pr\u00e9sentes de gros risques de pollution sont clairement vis\u00e9es, et le n\u00e9cessaire est actuellement fait afin d\u00a0&lsquo;<strong>\u00e9viter la perte de nos ressources<\/strong>\u00a0; Malheureusement nous avons compromis quelques ressources en chemin\u00a0; La Bretagne ( Nitrate) et la Guadeloupe ( chlord\u00e9cone) par exemple.<\/p>\n<p style=\"text-align: justify;\">Les services nationaux d&rsquo;identification des pollutions sont \u00e0 la t\u00e2che et traquent toutes nouvelles mol\u00e9cules, tout nouveaux risques pour nos eaux et donc pour nous m\u00eame. Le structurel est en place.<\/p>\n<p style=\"text-align: justify;\">Cependant certains \u00ab\u00a0nouveaux polluants\u00a0\u00bb, je pense <strong>aux perturbateurs endocriniens et aux nanoparticules<\/strong>, semblent particuli\u00e8rement attirer l&rsquo;attention des scientifiques, en raison de leurs <strong>potentiels impacts<\/strong> sur la sant\u00e9 publique, notamment sur la <strong>baisse de fertilit\u00e9<\/strong> et l&rsquo;augmentation du taux de <strong>cancers<\/strong> dans les populations, sans que les instances ex\u00e9cutives de l&rsquo;UE ne r\u00e9agissent.<\/p>\n<p style=\"text-align: justify;\">Il est n\u00e9cessaire de maintenir les structures de d\u00e9tection et \u00a0de compr\u00e9hension au niveau national, et de les d\u00e9velopper et d&rsquo;en cr\u00e9er de nouvelles pour travailler sur les nouveaux polluants.<\/p>\n<h2 style=\"text-align: justify;\">C \/ Le maintien de la qualit\u00e9 des sols et des milieux naturels en milieux agricoles\u00a0: l&rsquo;agriculture biologique :<\/h2>\n<p style=\"text-align: justify;\">Ici, nous pensons en premier lieu \u00e0 l&rsquo;agriculture et aux pollutions par les intrants chimiques qu&rsquo;elle utilise, sous couvert de l&rsquo;Etat.<\/p>\n<p style=\"text-align: justify;\">Du c\u00f4t\u00e9 agricole, ils semble que les acteurs , la population et les pouvoirs politiques nationaux sont aujourd&rsquo;hui sensibilis\u00e9s \u00e0 ces questions, et on mis sur la sc\u00e8ne publique diff\u00e9rentes orientations. Ils s&rsquo;agit par exemple des Mesures Agro-environnementales, des plans \u00e9cophyto, de la production en mode agriculture biologique. Mais l&rsquo;effort de l&rsquo;Etat et de l&rsquo;UE restent timide, au point de ne pas avoir d&rsquo;impact r\u00e9el sur les quantit\u00e9s utilis\u00e9es d&rsquo;intrants chimique. Surtout que ces efforts, souvent sous forme d&rsquo;aide financi\u00e8re, sont encombr\u00e9s de formalit\u00e9s administratives jug\u00e9es p\u00e9nibles par les int\u00e9ress\u00e9s\u00a0;<\/p>\n<p style=\"text-align: justify;\">Ils convient de s&rsquo;engouffrer dans cette tendance \u00ab\u00a0<strong>agriculture biologique<\/strong>\u00ab\u00a0, prometteuse, mais difficile, car cela demande de remettre en cause l\u2019agriculture de ces 50 derni\u00e8re ann\u00e9es pour revenir \u00e0 celle des 2 pr\u00e9c\u00e9dents mill\u00e9naires, sans disposer du m\u00eame prix de la main d&rsquo;oeuvre, et en ayant perdu les informations techniques en chemin\u00a0(car c&rsquo;est vraiment un d\u00e9fi technique que de <strong>ma\u00eetriser du vivant<\/strong>); Tout cela en garantissant le revenu des acteurs.<\/p>\n<p style=\"text-align: justify;\">C&rsquo;est un chantier \u00e0 notre port\u00e9e et il nous parait n\u00e9cessaire d&rsquo;y accorder le plus de <strong>cr\u00e9dit<\/strong> possible (en termes financiers \u00e9galement).<\/p>\n<p style=\"text-align: justify;\">Nous tablerons sur la mise en place d&rsquo;un sch\u00e9ma de <strong>recherche, exp\u00e9rimentation, vulgarisation, d\u00e9veloppement<\/strong>, en y \u00e9valuant les moyens financiers et humains n\u00e9cessaires et en y mobilisant les cr\u00e9dits. Objectifs \u00e0 atteindre\u00a0: Cro\u00eetre de 50 % par an la propositions sur les march\u00e9s, de pr\u00e9f\u00e9rence de proximit\u00e9s, la part des produits issus de ces exploitations\u00a0;<\/p>\n<h2>D \/ L&rsquo;observatoire des pollution de l&rsquo;air.<\/h2>\n<p align=\"JUSTIFY\">\u00ab La pollution de l\u2019air en France co\u00fbte chaque ann\u00e9e 101,3 milliards d\u2019euros. Deux fois plus que le tabac (47 milliards d\u2019euros)\u00a0\u00bb. En savoir plus sur http:\/\/www.lemonde.fr\/planete\/article\/2015\/07\/15.<\/p>\n<p align=\"JUSTIFY\">Faut t-il en rajouter ? Qui est en cause ?<\/p>\n<p align=\"JUSTIFY\"><em>Les polluants :<\/em><\/p>\n<p align=\"JUSTIFY\">Les vrais : <strong>les Nox<\/strong>, qui cumulent l&rsquo;effet de gaz \u00e0 effet de serre, car pr\u00e9curseur d&rsquo;ozone, et \u00a0l&rsquo;effet toxiques pour les poumons \u2026 Ils proviennent de la combustion des combustibles fossiles. Ils sont class\u00e9s canc\u00e9rig\u00e8ne par l&rsquo;OMS.<\/p>\n<p align=\"JUSTIFY\">Le faux\u00a0: <strong>Le CO2<\/strong>, qui lui n&rsquo;est pas un polluant puisque c&rsquo;est un \u00e9l\u00e9ment naturel, mais qui a un effet \u00ab\u00a0gaz \u00e0 effet de serre\u00a0\u00bb puissant, puisque c&rsquo;est la premi\u00e8re mol\u00e9cule responsable du r\u00e9chauffement climatique actuel. Elle provient elle aussi de la combustion des combustibles fossiles.<\/p>\n<p align=\"JUSTIFY\">Et aussi les <strong>particules fines<\/strong>.<\/p>\n<p align=\"JUSTIFY\">Tous les trois ont la m\u00eame cause\u00a0: La combustion des combustibles fossiles (les moteurs thermiques essence et diesel).<\/p>\n<p align=\"JUSTIFY\">A savoir\u00a0: le traitement du CO2 dans le processus de combustion en vue de le diminuer dans les rejets augmente radicalement l&rsquo;\u00e9mission de Nox.<\/p>\n<p align=\"JUSTIFY\">En r\u00e9sum\u00e9, <strong>nos processus de production d&rsquo;\u00e9nergie<\/strong>, notamment pour le transport et le chauffage, son <strong>nocifs<\/strong> pour la sant\u00e9 publique, pour nos poumons et contribuent au <strong>r\u00e9chauffement climatique<\/strong> &#8230; C&rsquo;est connu, prouv\u00e9, d\u00e9montr\u00e9 &#8230;<strong>indiscutable<\/strong>.<\/p>\n<p align=\"JUSTIFY\">3 Solutions pour diminuer l&rsquo;\u00e9mission de ces polluants (vrai ou faux) nocifs pour nos g\u00e9n\u00e9rations futures : en utiliser moins, se d\u00e9placer moins, et modifier nos sources d&rsquo;\u00e9nergies.<\/p>\n<p align=\"JUSTIFY\"><strong>Se d\u00e9placer moins<\/strong>\u00a0: La Micro-\u00e9conomie ou \u00e9conomie de proximit\u00e9 , qui diminuerait les d\u00e9placements des biens et des personnes, y contribuerait grandement. Diminuer ne veut pas dire s&rsquo;immobiliser, entendons nous.<\/p>\n<p align=\"JUSTIFY\"><strong>Modifier nos sources d&rsquo;\u00e9nergie<\/strong>\u00a0: D\u00e9veloppement des nouvelles technologies, (moteur \u00e0 hydrog\u00e8ne, \u00e9lectrique, et toutes la gamme appel\u00e9e \u00e9nergies nouvelles), en prenant en compte, le bilan total du processus. Par exemple, l&rsquo;\u00e9nergie des panneaux solaires est stock\u00e9e dans des batteries mettant en jeu les industries du plomb (polluant) en Chine. Mauvais choix. Utiliser l&rsquo;Energie pour monter l&rsquo;eau en\u00a0 altitude, le stocker et le l\u00e2cher de mani\u00e8re gravitaire pour faire tourner des turbines \u00e9lectriques\u00a0: bon choix. Etudier la rentabilit\u00e9 de ce type de syst\u00e8me.<\/p>\n<p align=\"JUSTIFY\"><strong>Modifier nos comportements<\/strong>\u00a0: en consommer moins. Eteindre la lumi\u00e8re des panneaux publicitaires la nuit par exemple.<\/p>\n<h2>E \/ La gestion des d\u00e9chets\u00a0:<\/h2>\n<p>Nous en produisons \u00e9norm\u00e9ment\u00a0: en volume et en polluant.<\/p>\n<h2>Conclusion\u00a0:<\/h2>\n<p style=\"text-align: justify;\">Voici un \u00e9tat des lieux et des propositions pour diminuer l&rsquo;impact n\u00e9gatifs de l&rsquo;homme sur son environnement, donc sur son propre avenir\u00a0;<\/p>\n<p style=\"text-align: justify;\" align=\"JUSTIFY\">La protection de ces diff\u00e9rents compartiments de notre environnement passe par la <strong>caract\u00e9risation des risques de pollution, et leurs quantifications<\/strong>. Suivront la mise en place de <strong>normes<\/strong> et l&rsquo;\u00e9laboration de <strong>mesures de pr\u00e9ventions<\/strong>, pour \u00e9viter de les confronter aux risques de pollution et de les perdre en tant que ressources.<\/p>\n<p align=\"JUSTIFY\">Le maintien de toutes les structures actuelles au niveau national para\u00eet essentiel. Il est \u00e9galement n\u00e9cessaire d<strong>&lsquo;augmenter les cr\u00e9dits<\/strong> pour comprendre et r\u00e9agir face aux nouveaux polluants. Et de <strong>s&rsquo;affranchir des technocraties et lobbies<\/strong> pour avancer de mani\u00e8re efficace. Ce qui signifie, v\u00e9rifier <strong>l&rsquo;ind\u00e9pendance des structures de contr\u00f4les<\/strong>, et de leurs agents vis \u00e0 vis des lobbies, ou clairement <strong>exclure<\/strong> tout <strong>financement<\/strong> en provenance directe du <strong>priv\u00e9<\/strong> (comme le financement des postes de recherche).<\/p>\n<p align=\"JUSTIFY\">Il est n\u00e9cessaire aussi de <strong>revoir nos ressources artificiels<\/strong> et nos comportements, comme l&rsquo;exclusion des mati\u00e8res premi\u00e8res issus des industries p\u00e9troli\u00e8res pour les substituer par les mati\u00e8res naturelles, quitte \u00e0 les importer. De m\u00eame, <strong>diminuer la consommation d \u00e9nergie<\/strong> pour des options peu n\u00e9cessaires. Les appareilles \u00e0 veille, les panneaux publicitaires, la puissance des \u00e9clairages publics\u00a0;<\/p>\n<p align=\"JUSTIFY\">FIN<\/p>\n","protected":false},"excerpt":{"rendered":"<p>La protection de l&rsquo;environnement et la protection sanitaire au service des Fran\u00e7ais A \/ Pr\u00e9alable \u00a0: J&rsquo;entends par \u00ab\u00a0protection de l&rsquo;environnement ou protection sanitaire \u00bb, la protection de nos ressources, celles qui nous sont indispensables, sans lesquelles nous hypoth\u00e9quons les <a href=\"http:\/\/www.politikfrance.fr\/index.php\/protection-sociale\/\" class=\"read-more\">En savoir plus &#8230;<\/a><\/p>\n","protected":false},"author":2,"featured_media":0,"parent":0,"menu_order":0,"comment_status":"closed","ping_status":"closed","template":"","meta":{"footnotes":""},"class_list":["post-33","page","type-page","status-publish","hentry"],"_links":{"self":[{"href":"http:\/\/www.politikfrance.fr\/index.php\/wp-json\/wp\/v2\/pages\/33","targetHints":{"allow":["GET"]}}],"collection":[{"href":"http:\/\/www.politikfrance.fr\/index.php\/wp-json\/wp\/v2\/pages"}],"about":[{"href":"http:\/\/www.politikfrance.fr\/index.php\/wp-json\/wp\/v2\/types\/page"}],"author":[{"embeddable":true,"href":"http:\/\/www.politikfrance.fr\/index.php\/wp-json\/wp\/v2\/users\/2"}],"replies":[{"embeddable":true,"href":"http:\/\/www.politikfrance.fr\/index.php\/wp-json\/wp\/v2\/comments?post=33"}],"version-history":[{"count":8,"href":"http:\/\/www.politikfrance.fr\/index.php\/wp-json\/wp\/v2\/pages\/33\/revisions"}],"predecessor-version":[{"id":212,"href":"http:\/\/www.politikfrance.fr\/index.php\/wp-json\/wp\/v2\/pages\/33\/revisions\/212"}],"wp:attachment":[{"href":"http:\/\/www.politikfrance.fr\/index.php\/wp-json\/wp\/v2\/media?parent=33"}],"curies":[{"name":"wp","href":"https:\/\/api.w.org\/{rel}","templated":true}]}}

<h1 align="CENTER">La protection de l&rsquo;environnement et la protection sanitaire au service des Français</h1>
<h2>A / Préalable  :</h2>
<p style="text-align: justify;">J&rsquo;entends par « protection de l&rsquo;environnement ou protection sanitaire », la <strong>protection</strong> de nos <strong>ressources</strong>, celles qui nous sont indispensables, sans lesquelles nous hypothéquons les chances de survie des <strong>générations futures</strong> à différents niveaux d&rsquo;échelles de temps. Protection sanitaire, parce qu&rsquo;il s&rsquo;agit de <strong>protéger la santé</strong> publique en <strong>maîtrisant notre impacte</strong> sur l&rsquo;environnement, par le biais de la gestion des éléments que nous y introduisons.</p>
<h3>3 compartiments essentiels peuvent être affectés :</h3>
<p style="text-align: justify;"><strong>L&rsquo;eau</strong>, celui que nous buvons, indispensables à la vie.</p>
<p style="text-align: justify;"><strong>La terre</strong>, le support de nos cultures, de nos élevages. Celle qui nous nourrit. Celle de nos forêts productrices d&rsquo;oxygènes aussi.</p>
<p style="text-align: justify;"><strong>L&rsquo;air</strong> que nous respirons, indispensable à la vie.</p>
<p style="text-align: justify;">C&rsquo;est aussi une histoire d&rsquo;argent. Si demain nous devrions dépolluer l&rsquo;air, cela nous coûterait cher. Tout comme actuellement, un puits condamné pour cause de pollution nous coûte une nouvelle ressource à trouver et un nouveau puits à creuser, relier et distribuer. Tout comme les budgets affectés aux affections respiratoires dues aux pollutions, aujourd&rsquo;hui ils pèsent lourds dans les budgets des pays.</p>
<p style="text-align: justify;"><strong>Économiquement, mieux vaut prévenir que guérir … Humainement, concernant les vies individuelles, mieux vaut prévenir que guérir.</strong></p>
<p style="text-align: justify;">A ce chapitre, nous ajouterons la gestions de nos déchets, urbains, agricoles et industrielles. Obligatoirement.</p>
<h2>B / La prévention des risques de pollution de l&rsquo;eau :</h2>
<p style="text-align: justify;">Un ensemble de produits de consommation courante sont potentiellement susceptible de se retrouver dans nos ressources en eau. Nous parlons souvent de la <strong>pollution</strong> au nitrate, aux pesticides, aux antibiotiques, mais il s&rsquo;agit en fait de tout contaminant de synthèse ou non, dont la présence est <strong>anormale</strong>. N&rsquo;oublions pas que les <strong>plastiques</strong>, qui ont envahit la planète depuis le pétrole, en fait partie de manière majeure et sous différentes formes.</p>
<p style="text-align: justify;">Dans notre pays qu&rsquo;est la France, <strong>la réglementation</strong> de l&rsquo;eau, la protection de la ressource, la réglementation de son prélèvement et de son usage sont relativement bien encadrées. Les activités agricoles, et urbaines, qui présentes de gros risques de pollution sont clairement visées, et le nécessaire est actuellement fait afin d &lsquo;<strong>éviter la perte de nos ressources</strong> ; Malheureusement nous avons compromis quelques ressources en chemin ; La Bretagne ( Nitrate) et la Guadeloupe ( chlordécone) par exemple.</p>
<p style="text-align: justify;">Les services nationaux d&rsquo;identification des pollutions sont à la tâche et traquent toutes nouvelles molécules, tout nouveaux risques pour nos eaux et donc pour nous même. Le structurel est en place.</p>
<p style="text-align: justify;">Cependant certains « nouveaux polluants », je pense <strong>aux perturbateurs endocriniens et aux nanoparticules</strong>, semblent particulièrement attirer l&rsquo;attention des scientifiques, en raison de leurs <strong>potentiels impacts</strong> sur la santé publique, notamment sur la <strong>baisse de fertilité</strong> et l&rsquo;augmentation du taux de <strong>cancers</strong> dans les populations, sans que les instances exécutives de l&rsquo;UE ne réagissent.</p>
<p style="text-align: justify;">Il est nécessaire de maintenir les structures de détection et  de compréhension au niveau national, et de les développer et d&rsquo;en créer de nouvelles pour travailler sur les nouveaux polluants.</p>
<h2 style="text-align: justify;">C / Le maintien de la qualité des sols et des milieux naturels en milieux agricoles : l&rsquo;agriculture biologique :</h2>
<p style="text-align: justify;">Ici, nous pensons en premier lieu à l&rsquo;agriculture et aux pollutions par les intrants chimiques qu&rsquo;elle utilise, sous couvert de l&rsquo;Etat.</p>
<p style="text-align: justify;">Du côté agricole, ils semble que les acteurs , la population et les pouvoirs politiques nationaux sont aujourd&rsquo;hui sensibilisés à ces questions, et on mis sur la scène publique différentes orientations. Ils s&rsquo;agit par exemple des Mesures Agro-environnementales, des plans écophyto, de la production en mode agriculture biologique. Mais l&rsquo;effort de l&rsquo;Etat et de l&rsquo;UE restent timide, au point de ne pas avoir d&rsquo;impact réel sur les quantités utilisées d&rsquo;intrants chimique. Surtout que ces efforts, souvent sous forme d&rsquo;aide financière, sont encombrés de formalités administratives jugées pénibles par les intéressés ;</p>
<p style="text-align: justify;">Ils convient de s&rsquo;engouffrer dans cette tendance « <strong>agriculture biologique</strong>« , prometteuse, mais difficile, car cela demande de remettre en cause l’agriculture de ces 50 dernière années pour revenir à celle des 2 précédents millénaires, sans disposer du même prix de la main d&rsquo;oeuvre, et en ayant perdu les informations techniques en chemin (car c&rsquo;est vraiment un défi technique que de <strong>maîtriser du vivant</strong>); Tout cela en garantissant le revenu des acteurs.</p>
<p style="text-align: justify;">C&rsquo;est un chantier à notre portée et il nous parait nécessaire d&rsquo;y accorder le plus de <strong>crédit</strong> possible (en termes financiers également).</p>
<p style="text-align: justify;">Nous tablerons sur la mise en place d&rsquo;un schéma de <strong>recherche, expérimentation, vulgarisation, développement</strong>, en y évaluant les moyens financiers et humains nécessaires et en y mobilisant les crédits. Objectifs à atteindre : Croître de 50 % par an la propositions sur les marchés, de préférence de proximités, la part des produits issus de ces exploitations ;</p>
<h2>D / L&rsquo;observatoire des pollution de l&rsquo;air.</h2>
<p align="JUSTIFY">« La pollution de l’air en France coûte chaque année 101,3 milliards d’euros. Deux fois plus que le tabac (47 milliards d’euros) ». En savoir plus sur http://www.lemonde.fr/planete/article/2015/07/15.</p>
<p align="JUSTIFY">Faut t-il en rajouter ? Qui est en cause ?</p>
<p align="JUSTIFY"><em>Les polluants :</em></p>
<p align="JUSTIFY">Les vrais : <strong>les Nox</strong>, qui cumulent l&rsquo;effet de gaz à effet de serre, car précurseur d&rsquo;ozone, et  l&rsquo;effet toxiques pour les poumons … Ils proviennent de la combustion des combustibles fossiles. Ils sont classés cancérigène par l&rsquo;OMS.</p>
<p align="JUSTIFY">Le faux : <strong>Le CO2</strong>, qui lui n&rsquo;est pas un polluant puisque c&rsquo;est un élément naturel, mais qui a un effet « gaz à effet de serre » puissant, puisque c&rsquo;est la première molécule responsable du réchauffement climatique actuel. Elle provient elle aussi de la combustion des combustibles fossiles.</p>
<p align="JUSTIFY">Et aussi les <strong>particules fines</strong>.</p>
<p align="JUSTIFY">Tous les trois ont la même cause : La combustion des combustibles fossiles (les moteurs thermiques essence et diesel).</p>
<p align="JUSTIFY">A savoir : le traitement du CO2 dans le processus de combustion en vue de le diminuer dans les rejets augmente radicalement l&rsquo;émission de Nox.</p>
<p align="JUSTIFY">En résumé, <strong>nos processus de production d&rsquo;énergie</strong>, notamment pour le transport et le chauffage, son <strong>nocifs</strong> pour la santé publique, pour nos poumons et contribuent au <strong>réchauffement climatique</strong> &#8230; C&rsquo;est connu, prouvé, démontré &#8230;<strong>indiscutable</strong>.</p>
<p align="JUSTIFY">3 Solutions pour diminuer l&rsquo;émission de ces polluants (vrai ou faux) nocifs pour nos générations futures : en utiliser moins, se déplacer moins, et modifier nos sources d&rsquo;énergies.</p>
<p align="JUSTIFY"><strong>Se déplacer moins</strong> : La Micro-économie ou économie de proximité , qui diminuerait les déplacements des biens et des personnes, y contribuerait grandement. Diminuer ne veut pas dire s&rsquo;immobiliser, entendons nous.</p>
<p align="JUSTIFY"><strong>Modifier nos sources d&rsquo;énergie</strong> : Développement des nouvelles technologies, (moteur à hydrogène, électrique, et toutes la gamme appelée énergies nouvelles), en prenant en compte, le bilan total du processus. Par exemple, l&rsquo;énergie des panneaux solaires est stockée dans des batteries mettant en jeu les industries du plomb (polluant) en Chine. Mauvais choix. Utiliser l&rsquo;Energie pour monter l&rsquo;eau en  altitude, le stocker et le lâcher de manière gravitaire pour faire tourner des turbines électriques : bon choix. Etudier la rentabilité de ce type de système.</p>
<p align="JUSTIFY"><strong>Modifier nos comportements</strong> : en consommer moins. Eteindre la lumière des panneaux publicitaires la nuit par exemple.</p>
<h2>E / La gestion des déchets :</h2>
<p>Nous en produisons énormément : en volume et en polluant.</p>
<h2>Conclusion :</h2>
<p style="text-align: justify;">Voici un état des lieux et des propositions pour diminuer l&rsquo;impact négatifs de l&rsquo;homme sur son environnement, donc sur son propre avenir ;</p>
<p style="text-align: justify;" align="JUSTIFY">La protection de ces différents compartiments de notre environnement passe par la <strong>caractérisation des risques de pollution, et leurs quantifications</strong>. Suivront la mise en place de <strong>normes</strong> et l&rsquo;élaboration de <strong>mesures de préventions</strong>, pour éviter de les confronter aux risques de pollution et de les perdre en tant que ressources.</p>
<p align="JUSTIFY">Le maintien de toutes les structures actuelles au niveau national paraît essentiel. Il est également nécessaire d<strong>&lsquo;augmenter les crédits</strong> pour comprendre et réagir face aux nouveaux polluants. Et de <strong>s&rsquo;affranchir des technocraties et lobbies</strong> pour avancer de manière efficace. Ce qui signifie, vérifier <strong>l&rsquo;indépendance des structures de contrôles</strong>, et de leurs agents vis à vis des lobbies, ou clairement <strong>exclure</strong> tout <strong>financement</strong> en provenance directe du <strong>privé</strong> (comme le financement des postes de recherche).</p>
<p align="JUSTIFY">Il est nécessaire aussi de <strong>revoir nos ressources artificiels</strong> et nos comportements, comme l&rsquo;exclusion des matières premières issus des industries pétrolières pour les substituer par les matières naturelles, quitte à les importer. De même, <strong>diminuer la consommation d énergie</strong> pour des options peu nécessaires. Les appareilles à veille, les panneaux publicitaires, la puissance des éclairages publics ;</p>
<p align="JUSTIFY">FIN</p>

<p>La protection de l&rsquo;environnement et la protection sanitaire au service des Français A / Préalable  : J&rsquo;entends par « protection de l&rsquo;environnement ou protection sanitaire », la protection de nos ressources, celles qui nous sont indispensables, sans lesquelles nous hypothéquons les <a href="http://www.politikfrance.fr/index.php/protection-sociale/" class="read-more">En savoir plus &#8230;</a></p>
