{"id":36,"date":"2016-05-23T18:10:43","date_gmt":"2016-05-23T18:10:43","guid":{"rendered":"http:\/\/www.politikfrance.fr\/?page_id=36"},"modified":"2016-07-03T17:55:16","modified_gmt":"2016-07-03T17:55:16","slug":"protection-sociale-2","status":"publish","type":"page","link":"http:\/\/www.politikfrance.fr\/index.php\/protection-sociale-2\/","title":{"rendered":"PROTECTION SOCIALE"},"content":{"rendered":"<h1 style=\"text-align: center;\">La protection Sociale, Sant\u00e9 et Vieillesse<\/h1>\n<h2>A \/ Pr\u00e9alable\u00a0:<\/h2>\n<p style=\"text-align: justify;\"><strong>La protection sociale<\/strong> d&rsquo;un pays, volet sant\u00e9, est l&rsquo;ensemble des mesures permettant \u00e0 <strong>tous les citoyens, d&rsquo;acc\u00e9der<\/strong> en cas de besoin (maladies, accidents, handicaps, maternit\u00e9, d\u00e9c\u00e8s, accidents du travail, maladies professionnelles, vieillesse) <strong>aux soins<\/strong> (actes diagnostiqu\u00e9s par les consultations et analyses, soins m\u00e9dicaux et actes m\u00e9dicales par les soignants et h\u00f4pitaux) <strong>aux m\u00e9dicaments<\/strong> par le biais des pharmacies, au minimum n\u00e9cessaire <strong>\u00e0 la vie.<\/strong><\/p>\n<p style=\"text-align: justify;\">En France, La protection est assur\u00e9e par la <strong>Caisse G\u00e9n\u00e9ral de la S\u00e9curit\u00e9 Sociale<\/strong>, qui g\u00e8re diff\u00e9rents r\u00e9gimes de protection en fonction du statut des individus (statut g\u00e9n\u00e9ral, ou sp\u00e9cial, ou statut de non salari\u00e9 non agricole, ou agricole) compl\u00e9t\u00e9 par d&rsquo;autres R\u00e9gimes compl\u00e9mentaires obligatoires (retraite priv\u00e9e &#8230;) ou non obligatoires (mutuelles &#8230;) g\u00e9r\u00e9s par <strong>d&rsquo;autres Structures<\/strong>.<\/p>\n<p style=\"text-align: justify;\">En 2014, la protection sociale comptabilise <strong>418 Milliards de recettes pour 440 Milliards de d\u00e9penses<\/strong>.<\/p>\n<p style=\"text-align: justify;\">D\u00e9penses par branche\u00a0:<\/p>\n<p style=\"text-align: justify;\">Vieillesse\u00a0: 13,7 millions de retrait\u00e9s pour 108,5 milliards d&rsquo;Euros vers\u00e9s.<\/p>\n<p style=\"text-align: justify;\">Famille\u00a0: 12 millions d&rsquo;allocataires pour 46,4 milliards de prestations.<\/p>\n<p style=\"text-align: justify;\">R\u00e9gime G\u00e9n\u00e9ral\u00a0: 60 Millions de b\u00e9n\u00e9ficiaires pour 158,3 milliards de prestations.<\/p>\n<p>R\u00e9gime accidents du travail et maladies professionnelles\u00a0: 18,3 % millions de salari\u00e9s (70 % du total) pour 8,7 milliards de prestations.<\/p>\n<p>Et autres &#8230;<\/p>\n<p>Ses recettes sont assur\u00e9es par\u00a0:<\/p>\n<p style=\"text-align: justify;\">Les cotisations sociales 59,1 % (comprenant part salariales et patronales), les contributions sociales, 20,5 %, les imp\u00f4ts et taxes pour 12,3 % et les transferts pour 6,1 %. Reste 2 % d&rsquo;autres.<\/p>\n<h2>B \/ Son efficacit\u00e9\u00a0:<\/h2>\n<p style=\"text-align: justify;\">La S\u00e9curit\u00e9 sociale est tellement int\u00e9gr\u00e9e aux habitudes et \u00e0 la vie quotidienne des Fran\u00e7ais que son action devient transparente, pour le remboursement des frais de sant\u00e9 (de la simple visite chez le g\u00e9n\u00e9raliste aux frais d\u2019accouchement et d\u2019hospitalisation, par exemple), pour le financement des cr\u00e8ches, pour favoriser l\u2019insertion sociale, pour le versement d\u2019un revenu de remplacement en cas d\u2019arr\u00eat de travail pour maladie ou pour accidents de travail ou maladie professionnelle, pour le paiement des retraites \u2026 Il faut avouer que La S\u00e9curit\u00e9 sociale est pr\u00e9sente \u00e0 <strong>toutes les \u00e9tapes cl\u00e9s de la vie<\/strong>, donc forc\u00e9ment pr\u00e9sente pour chacun de nous \u00e0 un moment ou un autre.<\/p>\n<p style=\"text-align: justify;\"><strong>La question est\u00a0: l&rsquo;est &#8211; t&rsquo;elle de mani\u00e8re efficace et \u00e9quitable pour tous, afin de de garantir l&rsquo;acc\u00e8s aux soins \u00e0 tous, et inversement le renoncement aux soins \u00e0 personne ?<\/strong><\/p>\n<p style=\"text-align: justify;\">L&rsquo;Etat, par le biais de la S\u00e9curit\u00e9 Sociale, <strong>prend en charge<\/strong> les actes cit\u00e9es en pr\u00e9alable \u00e0 hauteur minimum de <strong>80 %<\/strong>, et parfois \u00e0 100 %. Le reste \u00e0 charge, est \u00e0 payer par l&rsquo;assur\u00e9 (par le biais d&rsquo;une mutuelle par exemple) et est plafonn\u00e9 \u00e0 18 \u20ac maximum par acte. Pour palier les manques de financement de certains assur\u00e9s modestes, la CMU et CMU-C ont \u00e9t\u00e9 cr\u00e9es.<\/p>\n<p style=\"text-align: justify;\">Globalement le syst\u00e8me fonctionne bien\u00a0; Malgr\u00e9 le d\u00e9ficit persistant d&rsquo;ann\u00e9e en ann\u00e9e\u00a0; Cependant le rapport de la cour des comptes de septembre 2011 sur la S\u00e9curit\u00e9 Sociale rel\u00e8ve des points \u00e0 am\u00e9liorer. Il en est de m\u00eame de l&rsquo;avis des citoyens.<\/p>\n<h2>C \/ Les pistes d&rsquo;am\u00e9lioration \u00e0 engager\u00a0:<\/h2>\n<p style=\"text-align: justify;\">Oui, nous pourrions croire que tout va bien, mais non. Dans un premier temps, la cour des compte rel\u00e8ve des incoh\u00e9rences dans les exon\u00e9rations des 20 % des restes \u00e0 charges pour certains usagers qui ne sont pas lisibles, voir justifi\u00e9es.<\/p>\n<p style=\"text-align: justify;\">D&rsquo;autre part, les usagers, citoyens consommateurs ou professionnels, se plaignent de <strong>difficult\u00e9s des formalit\u00e9s<\/strong>, en raison du nombre de caisses de pr\u00e9l\u00e8vements diff\u00e9rents, de caisses de paiements diff\u00e9rents, de formalit\u00e9s administratives <strong>complexes, nombreuses<\/strong>, qui entra\u00eenent des surco\u00fbts (en temps, en \u00e9nergie, en co\u00fbts &#8230;)pour acc\u00e9der aux diff\u00e9rents services,et prestations d\u00e8s que l&rsquo;on sort des formalit\u00e9s carte vitale. Ce point sera trait\u00e9 dans le chapitre \u00ab\u00a0Am\u00e9lioration de la Qualit\u00e9 des Services Publiques\u00a0\u00bb.<\/p>\n<p style=\"text-align: justify;\">Par exemple, un certains nombre de b\u00e9n\u00e9ficiaires de la CMU, finissent par ne plus se manifester pour ces raisons, et pourtant ce sont les plus modestes.<\/p>\n<p style=\"text-align: justify;\">La prise en charge des actes en faveur de l\u2019<strong>optique et des soins dentaires<\/strong> est un autre point <strong>\u00e0<\/strong> <strong>am\u00e9liorer<\/strong>\u00a0: On constate une \u00e9norme carence dans ces domaines pour des soins qui s&rsquo;av\u00e8rent essentiels. Les yeux et les dents\u00a0! Cela repr\u00e9sente une d\u00e9pense <strong>trop on\u00e9reuse<\/strong> pour bon nombre de familles, ind\u00e9pendamment de leurs revenus.<\/p>\n<p>L&rsquo;acc\u00e8s aux soins est <strong>in\u00e9galitaire<\/strong> \u00e9galement en termes de <strong>r\u00e9partition g\u00e9ographique<\/strong>. Travailler pour une r\u00e9partition homog\u00e8ne des professionnels et des structure de sant\u00e9 sur le territoire est aussi un point \u00e0 am\u00e9liorer.<\/p>\n<p style=\"text-align: justify;\">C\u00f4t\u00e9 compression des d\u00e9penses, le <strong>fractionnement des conditionnements pharmaceutiques<\/strong> en fonction des besoins, en plus de la g\u00e9n\u00e9ralisation des g\u00e9n\u00e9riques, est une possibilit\u00e9 r\u00e9elle et \u00e9vidente d&rsquo;\u00e9conomie de d\u00e9penses de sant\u00e9, au vue des chiffres de m\u00e9dicaments \u00e0 recycler dans les pharmacies des familles. Cyclamed annonce 14 700 tonnes annuelles pour 2014. Et nous savons que le pourcentage de recyclage est faible. Le volume vendu en France s&rsquo;\u00e9l\u00e8ve \u00e0 plus de 100000 tonnes auxquels il faut ajouter 70000 tonnes de conditionnement. Et <strong>50 % sont jug\u00e9s inutiles<\/strong>\u00a0! Nous imaginons les \u00e9conomies \u00e0 faire.<\/p>\n<h2>Conclusion\u00a0:<\/h2>\n<p style=\"text-align: justify;\">Voici un \u00e9tat des lieux et des propositions pour maintenir, voir am\u00e9liorer la protection des fran\u00e7ais en mati\u00e8re de la sant\u00e9. Nous avons un structurel que tous les pays nous envient (<strong>1er classement OMS<\/strong>).<\/p>\n<p style=\"text-align: justify;\">Mais ne nous endormons pas sur nos lauriers, car les usagers trouvent les formalit\u00e9s r\u00e9ellement contraignantes et co\u00fbteuses. Le gaspillage de m\u00e9dicaments est immoral au vue de la situation de la plan\u00e8te et de la n\u00e9cessit\u00e9 de diminuer les d\u00e9penses de l&rsquo;Etat. Et dans les faits, il existe des in\u00e9galit\u00e9s d&rsquo;acc\u00e8s bien r\u00e9elles.<\/p>\n<p>&nbsp;<\/p>\n<p>FIN<\/p>\n","protected":false},"excerpt":{"rendered":"<p>La protection Sociale, Sant\u00e9 et Vieillesse A \/ Pr\u00e9alable\u00a0: La protection sociale d&rsquo;un pays, volet sant\u00e9, est l&rsquo;ensemble des mesures permettant \u00e0 tous les citoyens, d&rsquo;acc\u00e9der en cas de besoin (maladies, accidents, handicaps, maternit\u00e9, d\u00e9c\u00e8s, accidents du travail, maladies professionnelles, <a href=\"http:\/\/www.politikfrance.fr\/index.php\/protection-sociale-2\/\" class=\"read-more\">En savoir plus &#8230;<\/a><\/p>\n","protected":false},"author":2,"featured_media":0,"parent":0,"menu_order":0,"comment_status":"closed","ping_status":"closed","template":"","meta":{"footnotes":""},"class_list":["post-36","page","type-page","status-publish","hentry"],"_links":{"self":[{"href":"http:\/\/www.politikfrance.fr\/index.php\/wp-json\/wp\/v2\/pages\/36","targetHints":{"allow":["GET"]}}],"collection":[{"href":"http:\/\/www.politikfrance.fr\/index.php\/wp-json\/wp\/v2\/pages"}],"about":[{"href":"http:\/\/www.politikfrance.fr\/index.php\/wp-json\/wp\/v2\/types\/page"}],"author":[{"embeddable":true,"href":"http:\/\/www.politikfrance.fr\/index.php\/wp-json\/wp\/v2\/users\/2"}],"replies":[{"embeddable":true,"href":"http:\/\/www.politikfrance.fr\/index.php\/wp-json\/wp\/v2\/comments?post=36"}],"version-history":[{"count":6,"href":"http:\/\/www.politikfrance.fr\/index.php\/wp-json\/wp\/v2\/pages\/36\/revisions"}],"predecessor-version":[{"id":238,"href":"http:\/\/www.politikfrance.fr\/index.php\/wp-json\/wp\/v2\/pages\/36\/revisions\/238"}],"wp:attachment":[{"href":"http:\/\/www.politikfrance.fr\/index.php\/wp-json\/wp\/v2\/media?parent=36"}],"curies":[{"name":"wp","href":"https:\/\/api.w.org\/{rel}","templated":true}]}}