{"id":479,"date":"2017-03-01T18:36:17","date_gmt":"2017-03-01T18:36:17","guid":{"rendered":"http:\/\/www.politikfrance.fr\/?page_id=479"},"modified":"2024-07-14T05:54:02","modified_gmt":"2024-07-14T05:54:02","slug":"charlotte-marchandise","status":"publish","type":"page","link":"http:\/\/www.politikfrance.fr\/","title":{"rendered":"ORIENTATIONS"},"content":{"rendered":"<h1 style=\"text-align: center;\"><span style=\"color: #0000ff;\">LES ORIENTATIONS NATIONALES DES DYNAMIQUES<\/span><span style=\"color: #0000ff;\">\u00a0CITOYENNES<\/span><\/h1>\n<h2 style=\"text-align: center;\" align=\"LEFT\"><\/h2>\n<h3><\/h3>\n<h3>Quel monde voulons nous ? LES VALEURS DEFENDUES :<\/h3>\n<h3><span style=\"color: #333399;\">La base du programme sera tourn\u00e9 vers 3 valeurs \u00a0: <\/span><\/h3>\n<h3 style=\"text-align: justify;\"><span style=\"color: #333399;\"><span style=\"text-decoration: underline;\">L&rsquo;\u00e9galit\u00e9<\/span> :\u00a0Nous veillerons \u00e0 ce que tout les citoyens, qui sont d\u00e9fini comme \u00e9gaux (un Homme = Une Voie = un vote, quelque soit son statut), le soit r\u00e9ellement, par ses droits et ses devoirs, mais aussi par ses chances, ses possibilit\u00e9s d&rsquo;acc\u00e8s aux meilleurs. \u00a0<\/span><\/h3>\n<h3 style=\"text-align: justify;\"><span style=\"color: #333399;\"><span style=\"text-decoration: underline;\">Le partage<\/span> : Des richesses de l&rsquo;Etat, sera une pr\u00e9occupation premi\u00e8re. De mani\u00e8re \u00e0 assurer \u00e0 tout fran\u00e7ais le n\u00e9cessaire pour une vie d\u00e9cente.\u00a0<\/span><\/h3>\n<h3><span style=\"text-decoration: underline;\"><span style=\"color: #333399; text-decoration: underline;\">Les Protections des populations :\u00a0<\/span><\/span><\/h3>\n<h3 style=\"text-align: justify;\"><span style=\"color: #333399;\"><strong>La protection sociale<\/strong> d\u2019un pays, volet sant\u00e9, est l\u2019ensemble des mesures permettant \u00e0 <strong>tous les citoyens, d\u2019acc\u00e9der<\/strong> en cas de besoin (maladies, accidents, handicaps, maternit\u00e9, d\u00e9c\u00e8s, accidents du travail, maladies professionnelles, vieillesse) <strong>aux soins<\/strong> (actes diagnostiqu\u00e9s par les consultations et analyses, soins m\u00e9dicaux et actes m\u00e9dicales par les soignants et h\u00f4pitaux) <strong>aux m\u00e9dicaments<\/strong> par le biais des pharmacies, au minimum n\u00e9cessaire <strong>\u00e0 la vie.<\/strong><\/span><\/h3>\n<h3 style=\"text-align: justify;\"><span style=\"color: #0000ff;\">La protection sanitaire concerne elle, la <strong>protection<\/strong> de nos <strong>ressources<\/strong>, celles qui nous sont indispensables, sans lesquelles nous hypoth\u00e9quons les chances de survie des <strong>g\u00e9n\u00e9rations futures<\/strong> \u00e0 diff\u00e9rents niveaux d\u2019\u00e9chelles de temps. Protection sanitaire, parce qu\u2019il s\u2019agit de <strong>prot\u00e9ger la sant\u00e9<\/strong> publique en <strong>ma\u00eetrisant notre impacte<\/strong> sur l\u2019environnement, par le biais de la gestion des \u00e9l\u00e9ments que nous y introduisons.<\/span><\/h3>\n<h3><span style=\"color: #0000ff;\">Les protections salariales du pays : l&rsquo;Etat devrait prot\u00e8ger, en tout temps, dans les entreprises, les salari\u00e9s des logiques productivismes \u00e0 outrance. \u00a0<\/span><\/h3>\n<h3 style=\"text-align: justify;\"><span style=\"color: #0000ff;\">La protection des populations passent aussi par la construction d&rsquo;une<em><strong>\u00a0VI\u00e8me r\u00e9publique dans le but de r\u00e9former nos institutions, afin d\u2019associer \u00ab\u00a0le peuple\u00a0\u00bb, aux d\u00e9cisions qui auront un impact sur sa vie quotidienne.<\/strong><\/em><\/span><\/h3>\n<p>&nbsp;<\/p>\n<h1 style=\"text-align: center;\"><span style=\"color: #0000ff;\">Les grandes lignes du programme :\u00a0<\/span><\/h1>\n<p>&nbsp;<\/p>\n<h3 style=\"text-align: left;\" align=\"CENTER\"><span style=\"color: #0000ff;\">1 \/ REFORME DE LA DEMOCRATIE<\/span><\/h3>\n<p align=\"JUSTIFY\"><span style=\"color: #0000ff;\">Nous voulons le mandat unique, qui partageons le travail et les revenus d&rsquo;activit\u00e9s politiques, pour favoriser la diversit\u00e9 des id\u00e9es. Nous voulons des citoyens dans les institutions, ce qui signifie la cr\u00e9ation des assembl\u00e9es de citoyens qui partage le r\u00f4le l\u00e9gislatif au c\u00f4t\u00e9 de magistrat. Nous promotionnons le casier vierge des \u00e9lus, comme pour les m\u00e9tiers de la fonctions publiques. Nous promotionnons le r\u00e9f\u00e9rendum d&rsquo;Initiative Populaire, pour permettre au peuple d&rsquo;exprimer son besoin. Nous voulons La r\u00e9vocation des \u00e9lus par le peuple, pour qu&rsquo;en cas de trahison, le peuple puisse renvoyer les traites. Nous promotionnons la modification des statuts des \u00e9lus, pour en finir avec les vestiges de la royaut\u00e9.<\/span><\/p>\n<h3 style=\"text-align: justify;\" align=\"CENTER\"><span style=\"color: #0000ff;\">2 \/ PARTAGE ET PROTECTION DES RICHESSES NATIONALES\u00a0: MODIFICATION DES LOIS COMMERCIALES\u00a0: PASSAGE AU LIBRE ECHANGE REGULE<\/span><\/h3>\n<p align=\"JUSTIFY\"><span style=\"color: #0000ff;\">Concernant\u00a0les lois commerciales\u00a0auxquelles notre pays est soumis :\u00a0Passage du Libre Echange Total (= libre circulation des marchandises, finances et services, en faisant tomber enti\u00e8rement les barri\u00e8res douani\u00e8res, quotas et normes, pr\u00f4n\u00e9 par l\u2019OMC, \u00e0 laquelle a souscrit l\u2019UE, repr\u00e9sentant les pays membres)\u00a0au Libre Echange R\u00e9gul\u00e9, pour la protection des industries et \u00e9conomies pr\u00e9sentes en France, en r\u00e9-investissant dans les outils de r\u00e9gulation ( taxes douani\u00e8res, quotas et normes) de mani\u00e8re s\u00e9lective et non globale. En privil\u00e9giant des accords bilat\u00e9raux ou multi-partis \u00e9quilibr\u00e9s. REGULER et non, LAISSER FAIRE.<\/span><\/p>\n<h3 style=\"text-align: justify;\" align=\"CENTER\"><span style=\"color: #0000ff;\">3 \/ SUPPRESSION DE LA LOI EL KHOMRI.<\/span><\/h3>\n<p align=\"JUSTIFY\"><span style=\"color: #0000ff;\">Abrogation de la loi EL KHOMRI, qui bouleverse le droit du travail et la hi\u00e9rarchie des normes, laissant les travailleurs \u00e0 la merci des lois du march\u00e9, hors de la protection de l\u2019Etat. Cependant, la r\u00e9forme du droit du travail est indispensable afin d\u2019introduire de la flexibilit\u00e9 dans la gestion de la masse salariale des entreprises.<\/span><\/p>\n<h3 style=\"text-align: left;\" align=\"CENTER\"><span style=\"color: #0000ff;\">4 \/ MAINTIEN, VOIR EXTENSION DES PROTECTIONS DES POPULATIONS\u00a0: SANTE, VIEILLESSE, SANTE PUBLIQUE, FONCTION PUBLIQUE<\/span><\/h3>\n<p align=\"JUSTIFY\"><span style=\"color: #0000ff;\">SANTE et VIEILLESSE :\u00a0maintient de la protection sociale, et \u00a0de son syst\u00e8me de s\u00e9curit\u00e9 sociale actuelle. Bien sur l\u2019organisation et l\u2019efficacit\u00e9 des services m\u00e9ritent d\u2019\u00eatre am\u00e9lior\u00e9s. Diminuer la multiplicit\u00e9 des caisses et des organismes diff\u00e9rents.<\/span><\/p>\n<p align=\"JUSTIFY\"><span style=\"color: #0000ff;\">SANTE PUBLIQUE :\u00a0maintient des normes, norme de s\u00e9curit\u00e9 sur les \u00a0aliments, sur la s\u00e9curit\u00e9 au travail, sur l\u2019environnement \u2026\u00a0Les normes nous garantissent un environnement sain \u00e0 l\u2019abri des danger et pollutions de toutes sortes.<\/span><\/p>\n<p align=\"JUSTIFY\"><span style=\"color: #0000ff;\">FONCTION PUBLIQUE :\u00a0Maintient, voir extension,\u00a0de la fonction publique et du statut de fonctionnaire. C\u2019est une mesure de protection des personnes. Ce sont des missions r\u00e9galiennes indispensable au bon fonctionnement de la soci\u00e9t\u00e9, qui doivent \u00eatre g\u00e9rer par la soci\u00e9t\u00e9 (l\u2019Etat c\u2019est nous) et non par des int\u00e9r\u00eats priv\u00e9s. Cependant, l\u2019unification des statuts et des diff\u00e9rents r\u00e9gimes existants, pour plus de simplicit\u00e9 et d\u2019\u00e9galit\u00e9 semble indispensable ainsi que la mise en place d\u2019un service qualit\u00e9 du service publique, pour assurer \u00e0 la soci\u00e9t\u00e9 le meilleur des services possible.<\/span><\/p>\n<h3 style=\"text-align: justify;\" align=\"CENTER\"><span style=\"color: #0000ff;\">5 \/ ECOLOGIE\u00a0: PROTECTION DE L&rsquo;ENVIRONNEMENT<\/span><\/h3>\n<p align=\"JUSTIFY\"><span style=\"color: #0000ff;\">Remplacement\u00a0progressif des \u00e9nergies non renouvelable (issu du p\u00e9trole)\u00a0par des \u00e9nergies renouvelable (soleil, vent, mer \u2026 .\u00a0 Diminution\u00a0mati\u00e8res premi\u00e8res issus des industries p\u00e9troli\u00e8res de notre\u00a0quotidien, remplacement par des mati\u00e8res naturels et min\u00e9rales autant que possible, afin de r\u00e9duire les polluants (plastiques et agrochimies) de notre environnement. Diminuer la consommation d\u2019\u00e9nergie\u00a0pour des actions peu n\u00e9cessaires (panneaux publicitaires \u2026 ).<\/span><\/p>\n<p align=\"JUSTIFY\">\n<p align=\"JUSTIFY\">Que pouvons nous faire \u00e0 notre \u00e9chelle de citoyens ?<\/p>\n<p align=\"JUSTIFY\">Bonne question. Je suis s\u00fbre que nous avons nos r\u00e9ponses, en action, dans nos quotidiens.<\/p>\n<p align=\"JUSTIFY\">Nous vous partageons quelques exemples :<\/p>\n","protected":false},"excerpt":{"rendered":"<p>LES ORIENTATIONS NATIONALES DES DYNAMIQUES\u00a0CITOYENNES Quel monde voulons nous ? LES VALEURS DEFENDUES : La base du programme sera tourn\u00e9 vers 3 valeurs \u00a0: L&rsquo;\u00e9galit\u00e9 :\u00a0Nous veillerons \u00e0 ce que tout les citoyens, qui sont d\u00e9fini comme \u00e9gaux (un Homme <a href=\"http:\/\/www.politikfrance.fr\/\" class=\"read-more\">En savoir plus &#8230;<\/a><\/p>\n","protected":false},"author":2,"featured_media":0,"parent":0,"menu_order":0,"comment_status":"closed","ping_status":"closed","template":"","meta":{"footnotes":""},"class_list":["post-479","page","type-page","status-publish","hentry"],"_links":{"self":[{"href":"http:\/\/www.politikfrance.fr\/index.php\/wp-json\/wp\/v2\/pages\/479","targetHints":{"allow":["GET"]}}],"collection":[{"href":"http:\/\/www.politikfrance.fr\/index.php\/wp-json\/wp\/v2\/pages"}],"about":[{"href":"http:\/\/www.politikfrance.fr\/index.php\/wp-json\/wp\/v2\/types\/page"}],"author":[{"embeddable":true,"href":"http:\/\/www.politikfrance.fr\/index.php\/wp-json\/wp\/v2\/users\/2"}],"replies":[{"embeddable":true,"href":"http:\/\/www.politikfrance.fr\/index.php\/wp-json\/wp\/v2\/comments?post=479"}],"version-history":[{"count":11,"href":"http:\/\/www.politikfrance.fr\/index.php\/wp-json\/wp\/v2\/pages\/479\/revisions"}],"predecessor-version":[{"id":958,"href":"http:\/\/www.politikfrance.fr\/index.php\/wp-json\/wp\/v2\/pages\/479\/revisions\/958"}],"wp:attachment":[{"href":"http:\/\/www.politikfrance.fr\/index.php\/wp-json\/wp\/v2\/media?parent=479"}],"curies":[{"name":"wp","href":"https:\/\/api.w.org\/{rel}","templated":true}]}}