{"id":49,"date":"2016-05-25T06:58:29","date_gmt":"2016-05-25T06:58:29","guid":{"rendered":"http:\/\/www.politikfrance.fr\/?page_id=49"},"modified":"2017-07-18T02:52:12","modified_gmt":"2017-07-18T02:52:12","slug":"salaire-universel-2","status":"publish","type":"page","link":"http:\/\/www.politikfrance.fr\/index.php\/salaire-universel-2\/","title":{"rendered":"LE CONTRAT D&rsquo;ACTIVITE"},"content":{"rendered":"<h1 style=\"text-align: center;\"><span style=\"color: #000000;\">Le Contrat d&rsquo;Activit\u00e9<\/span><\/h1>\n<p>&nbsp;<\/p>\n<h2 align=\"JUSTIFY\">A \/ Constat\u00a0:<\/h2>\n<p align=\"JUSTIFY\">Concr\u00e8tement, basons nous sur la situation actuelle du RSA :<\/p>\n<p align=\"JUSTIFY\"><strong>Actuellement, il n&rsquo;y a pas de travail pour tout le monde. <\/strong>En France, le ch\u00f4mage atteint 10 %.\u00a0<strong>Plus de 30 % des actifs sont au ch\u00f4mage et aux minimas sociaux, \u00e0 la R\u00e9union et dans les Outremers en g\u00e9n\u00e9rale<\/strong>. Ces b\u00e9n\u00e9ficiaires de RSA ont pour obligation de rechercher du travail. Mais la concurrence est rude, et nous savons qu&rsquo;il n&rsquo;y en pas pour tout le monde &#8230; La France, par le Revenu de Solidarit\u00e9 Active, RSA, permet \u00e0 ses citoyens actifs de plus de 25 ans aux ch\u00f4mages de survivre en attendant de trouver un emploi.<\/p>\n<p align=\"JUSTIFY\"><strong>Ces personnes b\u00e9n\u00e9ficiaires du RSA se doivent de rechercher un emploi<\/strong> (obligation de pointage tout les mois au p\u00f4le emploi), <strong>mais pas d&rsquo;en trouver. Normal<\/strong>,<strong> il n&rsquo;y en a pas toujours de disponible<\/strong>, surtout dans les territoires d&rsquo;Outremers.<\/p>\n<p align=\"JUSTIFY\"><strong>Pourtant, nous consid\u00e9rons que tous le monde \u00e0 besoin d&rsquo;\u00eatre consid\u00e9r\u00e9 comme actif, tout le monde a besoin d&rsquo;une place dans la soci\u00e9t\u00e9, un r\u00f4le sociale. Et l&rsquo;activit\u00e9 qu&rsquo;est le travail y contribue fortement de nos jours.<\/strong><\/p>\n<h2 align=\"JUSTIFY\">B \/ Proposition\u00a0: Cr\u00e9er un Contrat d&rsquo;Activit\u00e9 pour bannir l&rsquo;Oisivit\u00e9\u00a0:<\/h2>\n<p align=\"JUSTIFY\">Nous proposons de cr\u00e9er un Contrat d&rsquo;Activit\u00e9\u00a0:<\/p>\n<p align=\"JUSTIFY\"><strong>C&rsquo;est un contrat de travail,<\/strong> d\u00e9pendant donc du droit de travail fran\u00e7ais, <strong>pour une dur\u00e9e correspondant \u00e0 la r\u00e9mun\u00e9ration que correspond le RSA<\/strong>, de 10 jours SMIC, mais <strong>avec une bonification<\/strong> de la r\u00e9mun\u00e9ration de <strong>100 \u20ac<\/strong>, soit un total de 564 \u20ac + 100<strong> = 664 \u20ac<\/strong>. <strong>Tout les b\u00e9n\u00e9ficiaires du RSA<\/strong> y auront acc\u00e8s <strong>et<\/strong> \u00e9galement <strong>les jeunes de 18 \u00e0 25 ans<\/strong> sans emplois.<\/p>\n<p align=\"JUSTIFY\">Ce contrat ci sera d\u00e9nu\u00e9 de toutes cotisations, pour la simple et bonne raison que c&rsquo;est soit cela, soit rester s&rsquo;asseoir chez soi, oisif. Elle doit \u00eatre ais\u00e9 d&rsquo;acc\u00e8s, administrativement et moralement aussi.<\/p>\n<h2 align=\"JUSTIFY\">C \/ Qui peut y avoir droit\u00a0?<\/h2>\n<p align=\"JUSTIFY\"><span style=\"text-decoration: underline;\"><em>1 \/ Les accompagnants, les aidants\u00a0: <\/em><\/span><\/p>\n<p align=\"JUSTIFY\">Peut \u00eatre consid\u00e9r\u00e9 comme actifs au sens b\u00e9n\u00e9ficiaires des minimas sociaux les accompagnants et aidants familiales, ou non. Ceux qui s&rsquo;occupent des personnes malades, \u00e2g\u00e9es, non autonomes, aussi bien en satisfaisant leurs besoins domestiques que leurs soins de sant\u00e9. Bien sur cela en passant par les associations destin\u00e9es \u00e0 cela.<\/p>\n<p align=\"JUSTIFY\"><span style=\"text-decoration: underline;\"><em>2 \/ Les B\u00e9n\u00e9voles<\/em><\/span><\/p>\n<p align=\"JUSTIFY\">Actuellement les associations sont \u00e0 la peine. On assiste \u00e0 la d\u00e9structuration de leurs activit\u00e9 en raison d&rsquo;un manque de moyens mat\u00e9riels et d&rsquo;un manque de consid\u00e9ration des b\u00e9n\u00e9voles, qui font pourtant preuves de comp\u00e9tences et de bonne volont\u00e9.<\/p>\n<p align=\"JUSTIFY\"><strong>Reconnaissons ce statut et r\u00e9mun\u00e9rons le<\/strong>. Sont concern\u00e9 les acteurs ponctuelles ou r\u00e9guliers, officiellement adh\u00e9rents, dans les associations loi 1901, affect\u00e9 \u00e0 une ou plusieurs t\u00e2che d\u00e9fini, en capacit\u00e9 de justifi\u00e9 de 50 h d&rsquo;activit\u00e9 mensuel. Ou 600 h annuelle\u00a0; Car l&rsquo;activit\u00e9 pourrait \u00eatre annualis\u00e9. Bien sur, si ce quota d&rsquo;heure (50h par mois est d\u00e9pass\u00e9), nous passons \u00e0 un autre r\u00e9gime de r\u00e9mun\u00e9ration, qui servent cette fois ci \u00e0 amortir les co\u00fbts du b\u00e9n\u00e9volat et non plus \u00e0 r\u00e9mun\u00e9rer. Pour un salari\u00e9 qui souhaite faire du b\u00e9n\u00e9volat, cette r\u00e9mun\u00e9ration s&rsquo;accumule et encourage \u00e0 la mobilisation de comp\u00e9tence. En aucun cas , il s&rsquo;agit de brider <strong>les initiatives priv\u00e9es<\/strong>, de qui que ce soient\u00a0; <strong>C&rsquo;est la richesse d&rsquo;un pays<\/strong>.<\/p>\n<p align=\"JUSTIFY\"><span style=\"text-decoration: underline;\"><em>3 \/ Ceux qui s&rsquo;inscrivent dans des parcours de formation <\/em><\/span><\/p>\n<p align=\"JUSTIFY\">Il s&rsquo;agit d&rsquo;encourager les acquisitions de comp\u00e9tences des individus dans le pays, \u00e0 tout les \u00e2ges, les \u00e9chelles, et branches.<\/p>\n<p align=\"JUSTIFY\"><span style=\"text-decoration: underline;\"><em>4 \/ Les artistes et sportifs<\/em><\/span><\/p>\n<p align=\"JUSTIFY\">Ces \u00c9l\u00e9ments essentiels des civilisations, pour les \u00e9motions qu&rsquo;ils suscitent, b\u00e9n\u00e9ficieront aussi de ce salaire de base, \u00e0 partir du moment qu&rsquo;ils justifient des 50 h d&rsquo;activit\u00e9 (en activit\u00e9 de comp\u00e9tition, encadrement, animation, spectacles, repr\u00e9sentations&#8230;).<\/p>\n<p align=\"JUSTIFY\"><span style=\"text-decoration: underline;\"><em>5 \/ Le travail domestique (m\u00e8re ou p\u00e8re au foyer)<\/em><\/span><\/p>\n<p align=\"JUSTIFY\">Ces activit\u00e9s sont naturellement reconnu comme un travail dans certains cadre (bonne \u00e0 domicile, garde d&rsquo;enfants). Etendons cette reconnaissance dans le cadre des m\u00e9nages. Acceptons qu&rsquo;une personne d&rsquo;un m\u00e9nage avec enfants, qui reste au foyer et s&rsquo;occupe des t\u00e2ches domestiques b\u00e9n\u00e9ficie de ce contrat salariale. Lib\u00e8re la pression sur le march\u00e9 de l&#8217;emploi, et palie au manque d&rsquo;\u00e9ducation des enfants. Bien s\u00fbr en contre partie, nous serons exigent sur le parcours scolaire des enfants en charge.<\/p>\n<p align=\"JUSTIFY\"><span style=\"text-decoration: underline;\"><em>6 \/Les projets d&rsquo;utilit\u00e9 public\u00a0 :<\/em><\/span><\/p>\n<p align=\"JUSTIFY\">Explorons un exemple\u00a0: nettoyage de la plage.<\/p>\n<p align=\"JUSTIFY\">Action \u00e0 faire\u00a0: ramassage, sensibilisation, cr\u00e9ation de cendrier.<\/p>\n<ul>\n<li>\n<p align=\"JUSTIFY\">Elaboration du projet<\/p>\n<\/li>\n<li>\n<p align=\"JUSTIFY\">Outils<\/p>\n<\/li>\n<li>\n<p align=\"JUSTIFY\">transport<\/p>\n<\/li>\n<li>\n<p align=\"JUSTIFY\">formateur<\/p>\n<\/li>\n<li>\n<p align=\"JUSTIFY\">Encadrant<\/p>\n<\/li>\n<\/ul>\n<p align=\"JUSTIFY\">Tout les jours, du lundi au vendredi, une \u00e9quipe de 5 hommes vadrouillent sur 500 m\u00b2 de plage.<\/p>\n<p align=\"JUSTIFY\">4 personnes \u00e9ligibles g\u00e9ographiquement proche, n&rsquo;ayant aucune activit\u00e9, et un encadrant (salari\u00e9 de collectivit\u00e9 ou d&rsquo;association).<\/p>\n<p align=\"JUSTIFY\"><strong>L&rsquo;activit\u00e9\u00a0:<\/strong><\/p>\n<p align=\"JUSTIFY\">4 semaine de 35 h de travail pour 4 personnes correspond \u00e0 un volume horaire total de 560 h. Ce qui permet d&rsquo;<strong>employer 11 personnes par tranche de 50h<\/strong>. <strong>Sur un mois.<\/strong><\/p>\n<p align=\"JUSTIFY\">Le co\u00fbt \u00a0:<\/p>\n<p align=\"JUSTIFY\">(524 \u20ac + 10 \u20ac) * 11 personnes = 5874 \u20ac (10 \u20ac de frais de dossiers)<\/p>\n<p align=\"JUSTIFY\">100 \u20ac x 11 = 1100 \u20ac, de bonification pour les 11 personnes b\u00e9n\u00e9ficiaires.<\/p>\n<p align=\"JUSTIFY\">Salaire du salari\u00e9 encadrant\u00a0: 1800 \u20ac<\/p>\n<p align=\"JUSTIFY\">500 \u20ac d&rsquo;outils.<\/p>\n<p align=\"JUSTIFY\">500 \u20ac de transport.<\/p>\n<p align=\"JUSTIFY\">Soit un total de 9774 \u20ac\u00a0;<\/p>\n<p align=\"JUSTIFY\">Mais dans ces 9774 \u20ac, <strong>l&rsquo;Etat prend en charge le RSA<\/strong> des personnes, soit <strong>11 x 524 \u20ac = 5874 \u20ac<\/strong>, et <strong>il reste \u00e0 la collectivit\u00e9 de fournir 3900 \u20ac<\/strong>. <strong>Elle ne paierait pas de charge sur ce contrat. Juste la bonification. <\/strong><\/p>\n<p align=\"JUSTIFY\"><span style=\"text-decoration: underline;\"><em>7 \/ Garantir l&rsquo;initiative et g\u00e9rer la concurrence des entreprises priv\u00e9es\u00a0: <\/em><\/span><\/p>\n<p align=\"JUSTIFY\">Si <strong>une entreprise se positionne pour le m\u00eame service<\/strong>, sa substitution au travail de la collectivit\u00e9 se fera si elle peut proposer <strong>moins ch\u00e8re<\/strong> .<\/p>\n<p align=\"JUSTIFY\">Auquel cas, (par exemple par acquisition d&rsquo;une machine aspirateur innovante amortie \u00e0 2000 \u20ac par mois ajout\u00e9 d&rsquo;un salari\u00e9 au SMIC), elle remporte le march\u00e9. Il s&rsquo;agit de <strong>laisser le progr\u00e8s se faire<\/strong> (cr\u00e9ation destructrice comme la m\u00e9canisation (voir les ecrit de Charles GAVES, \u00e9conomistes Francais international).<\/p>\n<p align=\"JUSTIFY\">Au final,\u00a0la t\u00e2che est faite. Une entreprise est cr\u00e9e et fonctionne, les taxes sont per\u00e7ues. La collectivit\u00e9 a cr\u00e9e une activit\u00e9, permis \u00e0 une entreprise de s&rsquo;exprimer, et \u00e0 contribuer \u00e0 la modernisation.<\/p>\n<p align=\"JUSTIFY\">Les b\u00e9n\u00e9ficiaires seront positionner sur une autres actions\u00a0: <strong>Nous avons tout le pays \u00e0 nettoyer et d\u00e9polluer.<\/strong><\/p>\n<h2 align=\"JUSTIFY\">Conclusion\u00a0:<\/h2>\n<p align=\"JUSTIFY\"><strong>Toutes les activit\u00e9s que les priv\u00e9es ne font pas, peuvent \u00eatre faite dans ce cadre<\/strong>, sous ce mod\u00e8le, le temps que les priv\u00e9s se positionnent en cr\u00e9ant le service \u00e0 moins ch\u00e8re. <strong>Cela peut \u00eatre utilis\u00e9 afin d&rsquo;am\u00e9liorer les services publiques \u00e9galement<\/strong>. Ou donner une opportunit\u00e9 aux entreprise de b\u00e9n\u00e9ficier de main d&rsquo;oeuvre \u00e0 ce salaire sociale, sans charge, pour un compl\u00e9ment de 50 h. Un premier essai avant une embauche\u00a0?<\/p>\n<p align=\"JUSTIFY\">Aujourd&rsquo;hui, plus de 30 % des actifs Outremers sont aux ch\u00f4mages et en souffrent, en raison d&rsquo;un manque de revenus et aussi en raison d&rsquo;un manque de consid\u00e9ration li\u00e9s \u00e0 leurs situations.<\/p>\n<p align=\"JUSTIFY\"><strong>Ce contrat d&rsquo;activit\u00e9 am\u00e8ne tout le monde a \u00eatre consid\u00e9r\u00e9 comme actif, nous donne \u00e0 tous une place dans la soci\u00e9t\u00e9, un r\u00f4le sociale<\/strong>. M\u00eame en dehors de la sph\u00e8re du travail salari\u00e9 conventionnel\u00a0; Cela rassurera les parents aussi, donneront confiance aux jeunes, qui pourront l\u00e0 exprimer leurs potentiels et se faire une exp\u00e9rience\u00a0; <strong>Cela renforcera les liens entre citoyens en raison d&rsquo;une richesse de bonne volont\u00e9 lib\u00e9r\u00e9, valoris\u00e9<\/strong> \u2026 <strong>Les b\u00e9n\u00e9fices seront nombreux, en terme morale aussi, avec une r\u00e9percussion possible sur la consommation des m\u00e9nages et donc la relance d&rsquo;une certaine croissance.<\/strong><\/p>\n<p align=\"JUSTIFY\"><strong>La question du financement ne se pose pas ou si peu. Puisque que le RSA existe d\u00e9j\u00e0 &#8230;<\/strong><\/p>\n<p>&nbsp;<\/p>\n","protected":false},"excerpt":{"rendered":"<p>Le Contrat d&rsquo;Activit\u00e9 &nbsp; A \/ Constat\u00a0: Concr\u00e8tement, basons nous sur la situation actuelle du RSA : Actuellement, il n&rsquo;y a pas de travail pour tout le monde. En France, le ch\u00f4mage atteint 10 %.\u00a0Plus de 30 % des actifs <a href=\"http:\/\/www.politikfrance.fr\/index.php\/salaire-universel-2\/\" class=\"read-more\">En savoir plus &#8230;<\/a><\/p>\n","protected":false},"author":2,"featured_media":0,"parent":0,"menu_order":0,"comment_status":"closed","ping_status":"closed","template":"","meta":{"footnotes":""},"class_list":["post-49","page","type-page","status-publish","hentry"],"_links":{"self":[{"href":"http:\/\/www.politikfrance.fr\/index.php\/wp-json\/wp\/v2\/pages\/49","targetHints":{"allow":["GET"]}}],"collection":[{"href":"http:\/\/www.politikfrance.fr\/index.php\/wp-json\/wp\/v2\/pages"}],"about":[{"href":"http:\/\/www.politikfrance.fr\/index.php\/wp-json\/wp\/v2\/types\/page"}],"author":[{"embeddable":true,"href":"http:\/\/www.politikfrance.fr\/index.php\/wp-json\/wp\/v2\/users\/2"}],"replies":[{"embeddable":true,"href":"http:\/\/www.politikfrance.fr\/index.php\/wp-json\/wp\/v2\/comments?post=49"}],"version-history":[{"count":10,"href":"http:\/\/www.politikfrance.fr\/index.php\/wp-json\/wp\/v2\/pages\/49\/revisions"}],"predecessor-version":[{"id":595,"href":"http:\/\/www.politikfrance.fr\/index.php\/wp-json\/wp\/v2\/pages\/49\/revisions\/595"}],"wp:attachment":[{"href":"http:\/\/www.politikfrance.fr\/index.php\/wp-json\/wp\/v2\/media?parent=49"}],"curies":[{"name":"wp","href":"https:\/\/api.w.org\/{rel}","templated":true}]}}