{"id":548,"date":"2017-05-22T17:44:33","date_gmt":"2017-05-22T17:44:33","guid":{"rendered":"http:\/\/www.politikfrance.fr\/?page_id=548"},"modified":"2017-05-25T17:23:42","modified_gmt":"2017-05-25T17:23:42","slug":"u-f-c-r","status":"publish","type":"page","link":"http:\/\/www.politikfrance.fr\/index.php\/u-f-c-r\/","title":{"rendered":"U.F.C.R."},"content":{"rendered":"<h1 style=\"text-align: center;\">L&rsquo;Union des Forces Citoyennes et R\u00e9publicaines (UFCR)<\/h1>\n<p>&nbsp;<\/p>\n<p>&nbsp;<\/p>\n<div class=\"container-wrap\">\n<div class=\"container main-content\">\n<div class=\"row\">\n<blockquote><p><strong>La citoyennet\u00e9<\/strong><\/p><\/blockquote>\n<p><a href=\"http:\/\/parti-ufcr.fr\/nos-idees\/retablir-la-confiance\/\">R\u00e9tablir la confiance<\/a><\/p>\n<p><a href=\"http:\/\/parti-ufcr.fr\/wp-content\/uploads\/2016\/01\/rs2.png\" rel=\"prettyPhoto[gallery-cGS4]\"><img loading=\"lazy\" decoding=\"async\" class=\"wp-image-1144 size-medium alignright\" src=\"http:\/\/parti-ufcr.fr\/wp-content\/uploads\/2016\/01\/rs2-300x188.png\" alt=\"rs2\" width=\"300\" height=\"188\" \/><\/a><\/p>\n<p>L\u2019UFCR d\u00e9finisse la citoyennet\u00e9 par un projet commun auquel un groupe, une personne, une famille, d\u2019\u00eatre reconnu\u00a0 comme membre d\u2019une cit\u00e9 \u00a0souhaitant prendre une part active.<\/p>\n<blockquote><p><strong>\u00c9cologique<em><br \/>\n<\/em><\/strong><\/p><\/blockquote>\n<p><a href=\"http:\/\/parti-ufcr.fr\/nos-idees\/environnement\/\">La reconnaissance urgente de l\u2019environnement<\/a><\/p>\n<p>Il suffit de regarder ce pole de r\u00e9flexion sur l\u2019environnement pour comprendre le danger futur.<\/p>\n<p><a href=\"http:\/\/parti-ufcr.fr\/wp-content\/uploads\/2016\/01\/rs3.png\" rel=\"prettyPhoto[gallery-cGS4]\"><img loading=\"lazy\" decoding=\"async\" class=\"wp-image-1145 size-medium alignleft\" src=\"http:\/\/parti-ufcr.fr\/wp-content\/uploads\/2016\/01\/rs3-300x179.png\" alt=\"rs3\" width=\"300\" height=\"179\" \/><\/a><\/p>\n<ul>\n<li>L\u2019existence de l\u2019humanit\u00e9 d\u00e9pend de notre richesse plan\u00e9taire.<\/li>\n<\/ul>\n<p>C\u2019est nous qui lui appartenons, la terre ne nous appartient pas\u00a0!\u00a0L\u2019homme est \u00a0aveugl\u00e9 virtuellement par le pouvoir\u00a0!<\/p>\n<p>Une minorit\u00e9 de la population\u00a0 pense\u00a0 pouvoir exploiter la plan\u00e8te en modifiant\u00a0 sa r\u00e9alit\u00e9. Cette\u00a0 r\u00e9alit\u00e9 qui est \u00e0 l\u2019origine de l\u2019apparition des \u00eatres vivants et le garant de sa p\u00e9rennit\u00e9.<\/p>\n<blockquote><p><strong>Besoin d\u2019eau\u00a0!<\/strong><\/p><\/blockquote>\n<p>C\u2019est nous qui avons soif, pourtant nous polluons l\u2019eau.<\/p>\n<blockquote><p><strong><a href=\"http:\/\/parti-ufcr.fr\/nos-idees\/outre-mer\/\">Besoin d\u2019oxyg\u00e8ne !<\/a><\/strong><\/p>\n<p>Quand nous polluons l\u2019air, c\u2019est nous qui respirons mal.<\/p>\n<p><strong>Besoin nourriture\u00a0!<\/strong><\/p><\/blockquote>\n<p>Quand nous polluons la terre, c\u2019est nous qui avons faim.<br \/>\nAlors pourquoi continuer ce d\u00e9sastre en blessant l\u2019humanit\u00e9 toute \u00a0enti\u00e8re.<\/p>\n<blockquote><p><strong>\u00c9conomique<br \/>\n<\/strong><\/p><\/blockquote>\n<p><a href=\"http:\/\/parti-ufcr.fr\/nos-idees\/banques\/\">S\u00e9paration des banques de d\u00e9p\u00f4ts et d\u2019affaires.<\/a><\/p>\n<p>Tout d\u2019abord commen\u00e7ons par s\u00e9paration des banques de d\u00e9p\u00f4ts et d\u2019affaires\u00a0!<\/p>\n<p><a href=\"http:\/\/parti-ufcr.fr\/wp-content\/uploads\/2016\/01\/rs4.png\" rel=\"prettyPhoto[gallery-cGS4]\"><img loading=\"lazy\" decoding=\"async\" class=\"size-medium wp-image-1146 alignleft\" src=\"http:\/\/parti-ufcr.fr\/wp-content\/uploads\/2016\/01\/rs4-300x186.png\" alt=\"rs4\" width=\"300\" height=\"186\" \/><\/a><br \/>\nLa mondialisation et le lib\u00e9ralisme sont deux qualificatifs pour caract\u00e9riser le syst\u00e8me \u00e9conomique.<\/p>\n<p><a href=\"http:\/\/parti-ufcr.fr\/nos-idees\/privatisations\/\">Au profit de la finance !<\/a><\/p>\n<p>La Mondialisation se manifeste par l\u2019interd\u00e9pendance croissante des \u00e9conomies (mondialisation \u00e9conomique) , l\u2019intensification de la concurrence, l\u2019expansion des \u00e9changes et des interactions humaines.<\/p>\n<p><a href=\"http:\/\/parti-ufcr.fr\/nos-idees\/democratie-reelle\/\">Le pouvoir est-il confisqu\u00e9 par une petite oligarchie ?<\/a><\/p>\n<p>Le lib\u00e9ralisme a pour objectif de soustraire l\u2019activit\u00e9 \u00e9conomique du champ d\u2019influence des institutions d\u00e9mocratique en lui substituant la notion de \u00ab concurrence libre et non fauss\u00e9e \u00bb.<\/p>\n<blockquote><p><strong>Sociale<\/strong><\/p><\/blockquote>\n<p><a href=\"http:\/\/parti-ufcr.fr\/nos-idees\/exclusion-et-lutte-contre-la-pauvrete\/\">Am\u00e9liorer la vie quotidienne des Fran\u00e7ais<\/a><\/p>\n<blockquote><p><a href=\"http:\/\/parti-ufcr.fr\/wp-content\/uploads\/2016\/01\/rs5.png\" rel=\"prettyPhoto[gallery-cGS4]\"><img loading=\"lazy\" decoding=\"async\" class=\"size-medium wp-image-1147 alignleft\" src=\"http:\/\/parti-ufcr.fr\/wp-content\/uploads\/2016\/01\/rs5-300x278.png\" alt=\"rs5\" width=\"300\" height=\"278\" \/><\/a><\/p>\n<p><strong>De plus en plus d\u2019\u00e9carts entre les riches et les pauvres\u00a0!<\/strong><\/p><\/blockquote>\n<p><u>\u00a0<\/u>Plus 8,6 millions de Fran\u00e7ais vivent avec moins de 964 euros par mois, un enfant sur cinq est pauvre, plus de 2 millions de travailleurs pauvres, 3,6 millions le nombre de personnes mal log\u00e9es, plus d\u2019un m\u00e9nage sur cinq souffre du froid, un fran\u00e7ais sur cinq renonce \u00e0 se soigner, 6,3 millions de personne couvertes par les minima sociaux, 293 millions de repas distribu\u00e9s, 765.000 m\u00e9nages surendett\u00e9s.<\/p>\n<p>&nbsp;<\/p>\n<blockquote>\n<blockquote><p><strong>Handicap<\/strong><\/p><\/blockquote>\n<p><a href=\"http:\/\/parti-ufcr.fr\/nos-idees\/handicap\/\">Arr\u00eatons une politique du handicap d\u00e9sastreuse !<\/a><\/p>\n<p>Pour une soci\u00e9t\u00e9 inclusive, l\u2019UFCR d\u00e9nonce le manque de courage de nos dirigeants sur l\u2019application de la loi n\u00b0 2005-102 du 11 f\u00e9vrier 2005 pour l\u2019\u00e9galit\u00e9 des droits et des chances, la participation et la citoyennet\u00e9 des personnes handicap\u00e9es (1).<\/p>\n<p><strong>Trop de pression\u00a0!<\/strong><\/p><\/blockquote>\n<p>Il y a de plus en plus de pression sur le march\u00e9 de l\u2019emploi, pression sur les minimas sociaux, privatisation des services sociaux, privatisation de la sant\u00e9.<\/p>\n<blockquote><p><strong>D\u00e9mocratique<\/strong><\/p>\n<p><a href=\"http:\/\/parti-ufcr.fr\/wp-content\/uploads\/2016\/01\/rs6.png\" rel=\"prettyPhoto[gallery-cGS4]\"><img loading=\"lazy\" decoding=\"async\" class=\"aligncenter size-medium wp-image-1148\" src=\"http:\/\/parti-ufcr.fr\/wp-content\/uploads\/2016\/01\/rs6-300x178.png\" alt=\"rs6\" width=\"300\" height=\"178\" \/><\/a><\/p><\/blockquote>\n<p><a href=\"http:\/\/parti-ufcr.fr\/nos-idees\/constitution\/\">Refonder nos institutions et rendre le pouvoir \u00e0 la nation<\/a><u>!<\/u><\/p>\n<blockquote><p>Constat<\/p><\/blockquote>\n<p><strong>Le peuple Grec\u00a0!<\/strong><\/p>\n<p>Le peuple Grec est mis sous tutelle,\u00a0 n\u2019a m\u00eame plus le droit de proposer des textes de lois sans l\u2019aval de la commission europ\u00e9enne.<\/p>\n<p><strong>R\u00e9f\u00e9rendum\u00a02005\u00a0!<\/strong><\/p>\n<p><a href=\"http:\/\/parti-ufcr.fr\/wp-content\/uploads\/2016\/01\/rs7.png\" rel=\"prettyPhoto[gallery-cGS4]\"><img loading=\"lazy\" decoding=\"async\" class=\"size-medium wp-image-1149 alignleft\" src=\"http:\/\/parti-ufcr.fr\/wp-content\/uploads\/2016\/01\/rs7-277x300.png\" alt=\"rs7\" width=\"277\" height=\"300\" \/><\/a><\/p>\n<p>Le r\u00e9f\u00e9rendum de 2005 s\u2019est manifest\u00e9 par une simple p\u00e9tition de la population Fran\u00e7aise.<\/p>\n<p><strong>Le lib\u00e9ralisme\u00a0!<\/strong><\/p>\n<p>Notre model de soci\u00e9t\u00e9 a clairement bascul\u00e9 dans le lib\u00e9ralisme et ce qui a pour cons\u00e9quences de faire disparaitre les acquis sociaux.<\/p>\n<p><strong>La crise des r\u00e9fugi\u00e9s\u00a0:<\/strong><\/p>\n<p>Lors de la crise des r\u00e9fugi\u00e9s, l\u2019Union europ\u00e9enne mena\u00e7ant les \u00e9tats membres qui ne se plierait pas \u00e0 ces directives de repr\u00e9sailles financi\u00e8re.<\/p>\n<p><strong>Conclusion\u00a0:<\/strong><\/p>\n<p>Pour en conclure, a ce stade\u00a0 l\u2019expression populaire a \u00e9t\u00e9 confisqu\u00e9e par nos dirigeants qui ont privil\u00e9gi\u00e9 la strat\u00e9gie \u00e0 la conviction et c\u00e8dent a fur a mesure aux haut parleurs de la d\u00e9magogie.<\/p>\n<\/div>\n<\/div>\n<\/div>\n<div id=\"footer-outer\" data-midnight=\"light\" data-using-widget-area=\"true\"><\/div>\n<p>Retrouver notre page nationale ici :<\/p>\n<p><a href=\"http:\/\/parti-ufcr.fr\/\">http:\/\/parti-ufcr.fr\/<\/a><\/p>\n<p>Le programme commun de l&rsquo;UFCR :<\/p>\n<ol>\n<li>Mise en place d\u2019une mobilit\u00e9 pour la formation des jeunes entre la m\u00e9tropole et les DOM \/TOM.<\/li>\n<li>Faciliter le d\u00e9placement des jeunes ultramarins entre la M\u00e9tropole et les DOM \/TOM, notamment par une r\u00e9duction du co\u00fbt du transport a\u00e9rien et une prise en charge d\u2019h\u00e9bergement sur une dur\u00e9e de trois mois.<\/li>\n<li>R\u00e9affirmer l\u2019appartenance des d\u00e9partements et Territoires d\u2019Outre-mer \u00e0 la Collectivit\u00e9 nationale et mettre en place en urgence \u00ab la continuit\u00e9 territoriale \u00bb<\/li>\n<li>Relancer la politique du logement social et d\u00e9velopper l\u2019aide \u00e0 l\u2019am\u00e9lioration des logements priv\u00e9s.<\/li>\n<li>Instaurer un \u00ab label pays \u00bb permettant de distinguer les produits agricoles locaux<\/li>\n<li>Supprimer l\u2019octroi de mer, except\u00e9 pour les produits concurrents \u00e0 la production locale<\/li>\n<li>Relancer le tourisme et d\u00e9velopper le tourisme \u00ab chambre d\u2019h\u00f4tes et gites ruraux \u00bb.<\/li>\n<li>Combattre la corruption et un meilleur contr\u00f4le des subventions.<\/li>\n<li>Mis en valeur de la for\u00eat<\/li>\n<li>D\u00e9velopper la p\u00eache locale et d\u2019aide aux artisans et professionnels de la p\u00eache,<\/li>\n<li>Mise d\u2019une\u00a0 taxe sur la p\u00eache venant des \u00eeles voisines.<\/li>\n<li><\/li>\n<\/ol>\n","protected":false},"excerpt":{"rendered":"<p>L&rsquo;Union des Forces Citoyennes et R\u00e9publicaines (UFCR) &nbsp; &nbsp; La citoyennet\u00e9 R\u00e9tablir la confiance L\u2019UFCR d\u00e9finisse la citoyennet\u00e9 par un projet commun auquel un groupe, une personne, une famille, d\u2019\u00eatre reconnu\u00a0 comme membre d\u2019une cit\u00e9 \u00a0souhaitant prendre une part active. <a href=\"http:\/\/www.politikfrance.fr\/index.php\/u-f-c-r\/\" class=\"read-more\">En savoir plus &#8230;<\/a><\/p>\n","protected":false},"author":2,"featured_media":0,"parent":0,"menu_order":0,"comment_status":"closed","ping_status":"closed","template":"","meta":{"footnotes":""},"class_list":["post-548","page","type-page","status-publish","hentry"],"_links":{"self":[{"href":"http:\/\/www.politikfrance.fr\/index.php\/wp-json\/wp\/v2\/pages\/548","targetHints":{"allow":["GET"]}}],"collection":[{"href":"http:\/\/www.politikfrance.fr\/index.php\/wp-json\/wp\/v2\/pages"}],"about":[{"href":"http:\/\/www.politikfrance.fr\/index.php\/wp-json\/wp\/v2\/types\/page"}],"author":[{"embeddable":true,"href":"http:\/\/www.politikfrance.fr\/index.php\/wp-json\/wp\/v2\/users\/2"}],"replies":[{"embeddable":true,"href":"http:\/\/www.politikfrance.fr\/index.php\/wp-json\/wp\/v2\/comments?post=548"}],"version-history":[{"count":3,"href":"http:\/\/www.politikfrance.fr\/index.php\/wp-json\/wp\/v2\/pages\/548\/revisions"}],"predecessor-version":[{"id":561,"href":"http:\/\/www.politikfrance.fr\/index.php\/wp-json\/wp\/v2\/pages\/548\/revisions\/561"}],"wp:attachment":[{"href":"http:\/\/www.politikfrance.fr\/index.php\/wp-json\/wp\/v2\/media?parent=548"}],"curies":[{"name":"wp","href":"https:\/\/api.w.org\/{rel}","templated":true}]}}