{"id":552,"date":"2017-05-22T17:47:16","date_gmt":"2017-05-22T17:47:16","guid":{"rendered":"http:\/\/www.politikfrance.fr\/?page_id=552"},"modified":"2017-05-25T16:48:34","modified_gmt":"2017-05-25T16:48:34","slug":"100-citoyens","status":"publish","type":"page","link":"http:\/\/www.politikfrance.fr\/index.php\/100-citoyens\/","title":{"rendered":"100 % Citoyens"},"content":{"rendered":"<h1 style=\"text-align: center;\">Le Rassemblement EcoCitoyens, le Mouvement 100 % auquel appartient l&rsquo;UFCR et qui \u00a0a comme partenaire , entre autres, Laprimaire.org, qu&rsquo;est ce que c&rsquo;est ?<\/h1>\n<h1 style=\"text-align: center;\"><\/h1>\n<p style=\"text-align: justify;\">Qu&rsquo;est ce que \u00a0c&rsquo;est ?<\/p>\n<p style=\"text-align: justify;\">Il existe aujourd&rsquo;hui un \u00e9norme vivier de mouvement citoyens actuellement qui travaille a am\u00e9liorer la soci\u00e9t\u00e9, avec plus ou moins de r\u00e9ussite, mais toujours avec beaucoup de courage !<\/p>\n<p style=\"text-align: justify;\">Certains se sont regroup\u00e9 avec d&rsquo;autres pour former des collectifs, des f\u00e9d\u00e9rations. C&rsquo;est le cas du Mouvement 100 %, qui rassemblent 25 collectifs, associations, dont Alliance Ecologiste Ind\u00e9pendante.<\/p>\n<p style=\"text-align: justify;\">Le 1er d\u00e9cembre 2016 a eu lieu :<\/p>\n<div class=\"divTitreArticle\">\n<h2>La\u00a0<a class=\"titreArticle\" title=\"NAISSANCE DU MOUVEMENT 100% , COLLECTIF DE 25 MOUVEMENTS POLITIQUES CITOYENS ET ECOLOGISTES\u00a0\u00a0\" href=\"http:\/\/jean.michel.sady.over-blog.com\/2016\/12\/naissance-du-mouvement-100-collectif-de-25-mouvements-politiques-citoyens-et-ecologistes.html\">NAISSANCE DU MOUVEMENT 100% , COLLECTIF DE 25 MOUVEMENTS POLITIQUES CITOYENS ET ECOLOGISTES\u00a0\u00a0<\/a><\/h2>\n<\/div>\n<div class=\"contenuArticle\">\n<div class=\"ob-sections\">\n<div class=\"ob-section ob-section-html\">\n<div>\n<div><img decoding=\"async\" src=\"http:\/\/www.auchecocitoyenne.com\/auch2014\/wp-content\/uploads\/logo100pour100.jpg\" alt=\"Afficher l'image d'origine\" \/><\/div>\n<div>\u00a0NAISSANCE DU MOUVEMENT 100% , COLLECTIF DE 25 MOUVEMENTS POLITIQUES CITOYENS ET ECOLOGISTES<\/div>\n<div style=\"text-align: justify;\">Dans le cadre des \u00e9lections l\u00e9gislatives de 2017, 25 mouvements politiques citoyens et \u00e9cologistes ont d\u00e9cid\u00e9 d&rsquo;unir leurs forces en cr\u00e9ant le \u00ab\u00a0Mouvement 100%\u00a0\u00bb afin de proposer une alternative aux partis d\u00e9pass\u00e9s et aux extr\u00eames.<\/div>\n<div style=\"text-align: justify;\">Ce rassemblement autour de valeurs communes et de priorit\u00e9s programmatiques partag\u00e9es se traduira par une labellisation des candidats et des mouvements sur la base d&rsquo;un \u00ab contrat d&rsquo;alliance \u00bb \u00e0 respecter par les signataires.<\/div>\n<div style=\"text-align: justify;\"><strong>Fort de ses 577 d\u00e9l\u00e9gu\u00e9s locaux, 100% s&rsquo;engage d\u00e8s aujourd&rsquo;hui pour les \u00e9lections l\u00e9gislatives et pr\u00e9sentera des candidats labellis\u00e9s 100% dans toutes les circonscriptions.<\/strong>L&rsquo;ensemble des mouvements se sont r\u00e9unis ce mercredi 30 novembre pour lancer officiellement le \u00ab\u00a0Mouvement 100%\u00a0\u00bb et pr\u00e9senter \u00e0 la presse les 24 mesures phares du projet \u00e9co-citoyen.<\/p>\n<\/div>\n<ul style=\"text-align: justify;\">\n<li class=\"m_-7379058208523184408gmail-list\"><strong>Mise en place d&rsquo;une dose significative de proportionnelle\u00a0<\/strong>permettant une meilleure repr\u00e9sentation de la diversit\u00e9 des opinions du pays. Tous les courants politiques au-del\u00e0 de 1% des voix doivent \u00eatre repr\u00e9sent\u00e9s\u00a0;<\/li>\n<li class=\"m_-7379058208523184408gmail-list\"><strong>Modification du fonctionnement du syst\u00e8me \u00e9lectoral<\/strong>\u00a0afin d&rsquo;obtenir une r\u00e9elle parit\u00e9. Ne plus avoir un d\u00e9put\u00e9 et un suppl\u00e9ant mais bien\u00a0<strong>un bin\u00f4me, homme femme<\/strong>, qui aura des r\u00f4les partag\u00e9s\u00a0;<\/li>\n<li class=\"m_-7379058208523184408gmail-list\"><strong>Instauration comme condition d&rsquo;\u00e9ligibilit\u00e9<\/strong>\u00a0\u00e0 toutes les \u00e9lections l&rsquo;absence de condamnation inscrite au bulletin n\u00b0 2 du casier judiciaire ;<\/li>\n<li class=\"m_-7379058208523184408gmail-list\"><strong>Renforcer le non-cumul des mandats<\/strong>\u00a0tout en limitant leur renouvellement une fois ;<\/li>\n<li class=\"m_-7379058208523184408gmail-list\"><strong>Suppression de la r\u00e9serve parlementaire<\/strong>, outil du client\u00e9lisme\u00a0;<\/li>\n<li class=\"m_-7379058208523184408gmail-list\"><strong>G\u00e9n\u00e9ralisation des outils d\u00e9mocratiques participatifs<\/strong>\u00a0(r\u00e9f\u00e9rendum\u2026)\u00a0;<\/li>\n<li class=\"m_-7379058208523184408gmail-list\"><strong>Instituer une TVA \u00e9cologique et sociale<\/strong>\u00a0en fonction du bilan carbone et du cycle de vie des produits comme de leur charge en main d&rsquo;\u0153uvre, afin de r\u00e9duire les charges sur le travail\u00a0;<\/li>\n<li class=\"m_-7379058208523184408gmail-list\"><strong>D\u00e9veloppement des monnaies locales compl\u00e9mentaires<\/strong>\u00a0afin de stimuler l&rsquo;\u00e9conomie et l&#8217;emploi dans les territoires\u00a0;<\/li>\n<li class=\"m_-7379058208523184408gmail-list\"><strong>Stimuler les Banques du temps<\/strong>\u00a0afin d&rsquo;impliquer les citoyens dans des d\u00e9marches coop\u00e9ratives<\/li>\n<li class=\"m_-7379058208523184408gmail-list\"><strong>Lancer un plan national d&rsquo;isolation de toutes les constructions<\/strong>\u00a0qui se financera par les \u00e9conomies d&rsquo;\u00e9nergie r\u00e9alis\u00e9es\u00a0;<\/li>\n<li class=\"m_-7379058208523184408gmail-list\"><strong>Lancer un plan national de soutien \u00e0 la v\u00e9g\u00e9talisation massive des villes\u00a0;<\/strong><\/li>\n<li class=\"m_-7379058208523184408gmail-list\"><strong>Cr\u00e9ation dans chaque d\u00e9partement d&rsquo;une Maison de stockage de semences<\/strong>, structure de stockage centralis\u00e9e qui fait office \u00e0 la fois de \u00ab banque de r\u00e9serve \u00bb, de stock r\u00e9gulateur pour les exc\u00e9dents temporaires de semences et de centre de rediffusion\u00a0;<\/li>\n<li class=\"m_-7379058208523184408gmail-list\">Promotion de l&#8217;emploi par le\u00a0<strong>soutien aux projets paysans en recensant notamment les terres abandonn\u00e9es\u00a0<\/strong>pour les proposer \u00e0 des paysans\u00a0;<\/li>\n<li class=\"m_-7379058208523184408gmail-list\"><strong>Eradiquer le ch\u00f4mage longue dur\u00e9e en g\u00e9n\u00e9ralisant les exp\u00e9rimentations \u00ab territoires z\u00e9ro ch\u00f4mage \u00bb\u00a0;<\/strong><\/li>\n<li class=\"m_-7379058208523184408gmail-list\"><strong>Interdire toute nouvelle cr\u00e9ation de grande surface\u00a0<\/strong>;<\/li>\n<li class=\"m_-7379058208523184408gmail-list\"><strong>Mettre fin \u00e0 l&rsquo;absence de libert\u00e9 th\u00e9rapeutique<\/strong>\u00a0en France\u00a0;<\/li>\n<li class=\"m_-7379058208523184408gmail-list\"><strong>Revalorisation de l &lsquo;Allocation Adulte Handicap\u00e9 \u00e0 1000\u20ac\/mois<\/strong>\u00a0pour d\u00e9passer le seuil de pauvret\u00e9 et permettre aux allocataires de vivre dignement\u00a0;<\/li>\n<li class=\"m_-7379058208523184408gmail-list\"><strong>G\u00e9n\u00e9ralisation des p\u00e9dagogies alternatives et de l&rsquo;\u00e9ducation \u00e0 la sant\u00e9\u00a0;<\/strong><\/li>\n<li class=\"m_-7379058208523184408gmail-list\">Engager une grande r\u00e9forme territoriale conf\u00e9rant une\u00a0<strong>autonomie maximum aux r\u00e9gions et aux intercommunalit\u00e9s\u00a0;<\/strong><\/li>\n<li class=\"m_-7379058208523184408gmail-list\"><strong>Election au suffrage universel des membres des communaut\u00e9s d&rsquo;agglom\u00e9ration<\/strong>et des communaut\u00e9s de communes\u00a0;<\/li>\n<li class=\"m_-7379058208523184408gmail-list\"><strong>Cr\u00e9ation d&rsquo;un Minist\u00e8re de la condition animale et d&rsquo;une police d\u00e9di\u00e9e<\/strong>\u00a0;<\/li>\n<li class=\"m_-7379058208523184408gmail-list\"><strong>Suppression de l&rsquo;exception culturelle permettant aux corridas<\/strong>\u00a0et autres combats d&rsquo;animaux de perdurer\u00a0;<\/li>\n<li class=\"m_-7379058208523184408gmail-list\">L\u00e9gif\u00e9rer pour que la restauration publique propose\u00a0<strong>une option v\u00e9g\u00e9tarienne bio et locale<\/strong>\u00a0;<\/li>\n<li class=\"m_-7379058208523184408gmail-list\"><strong><em>Garantir l&rsquo;ind\u00e9pendance et le pluralisme dans les m\u00e9dias<\/em><\/strong>\u00a0;<\/li>\n<\/ul>\n<div style=\"text-align: justify;\">La soci\u00e9t\u00e9 civile s&rsquo;est d\u00e9j\u00e0 mobilis\u00e9e en Espagne, en Islande, en Autriche, en Italie ou encore en Gr\u00e8ce\u2026Le r\u00e9veil citoyen arrive en France\u00a0!<strong>Les premiers mouvements\u00a0:<\/strong><br \/>\n100% Citoyen \u2013 Alliance \u00e9cologiste ind\u00e9pendante \u2013 Alternative D\u00e9mocrate &#8211; Convergence Citoyenne \u2013 D\u00e9mocratie21 &#8211; D\u00e9mocratie Directe &amp; R\u00e9silience &#8211; F\u00e9d\u00e9ration Agissons \u2013 Une Force pour le Vivant &#8211; La France a des Ellles \u2013 Une France Unie Diverse et Solidaire (UDS) &#8211; Front Vert \u2013 G\u00e9n\u00e9ration V\u00e9g\u00e9tale \u2013 Hexagone \u2013 Mouvement Repr\u00e9sentatif de la Soci\u00e9t\u00e9 Civile &#8211; Paris Citoyen &#8211; Parti Antisp\u00e9ciste Citoyen pour la Transparence et l&rsquo;Ethique (PACTE) \u2013 Parti Breton \u2013 Parti Lorrain \u2013 57 Le Parti des Mosellans \u2013 Parti Politique des Citoyens R\u00e9publicains (PPCR) \u2013 Parti de Rien &#8211; Parti pour la Sant\u00e9 \u2013 Rassemblement Eco-Citoyen \u2013 R\u00e9inventons la France \u2013 Union des Forces Citoyennes et R\u00e9publicaines (UFCR)<\/p>\n<\/div>\n<p><a class=\"m_-7379058208523184408gmail-liens\" href=\"http:\/\/www.mouvement-centpourcent.fr\" target=\"_blank\" data-saferedirecturl=\"https:\/\/www.google.com\/url?hl=fr&amp;q=http:\/\/www.alliance-ecologiste-independante.com\/www.mouvement-centpourcent.fr&amp;source=gmail&amp;ust=1480698456972000&amp;usg=AFQjCNFgojyUZ0qpABgRcgt0eS_hXkxYhg\">www.mouvement-centpourcent.fr<\/a><\/p>\n<\/div>\n<div style=\"text-align: justify;\"><\/div>\n<div>\n<h1 class=\"m_-7379058208523184408gmail-access\" style=\"text-align: center;\">L&rsquo; Alliance \u00e9cologiste ind\u00e9pendante membre fondateur du collectif 100%<\/h1>\n<p>&nbsp;<\/p>\n<\/div>\n<\/div>\n<\/div>\n<\/div>\n","protected":false},"excerpt":{"rendered":"<p>Le Rassemblement EcoCitoyens, le Mouvement 100 % auquel appartient l&rsquo;UFCR et qui \u00a0a comme partenaire , entre autres, Laprimaire.org, qu&rsquo;est ce que c&rsquo;est ? Qu&rsquo;est ce que \u00a0c&rsquo;est ? Il existe aujourd&rsquo;hui un \u00e9norme vivier de mouvement citoyens actuellement qui <a href=\"http:\/\/www.politikfrance.fr\/index.php\/100-citoyens\/\" class=\"read-more\">En savoir plus &#8230;<\/a><\/p>\n","protected":false},"author":2,"featured_media":0,"parent":0,"menu_order":0,"comment_status":"closed","ping_status":"closed","template":"","meta":{"footnotes":""},"class_list":["post-552","page","type-page","status-publish","hentry"],"_links":{"self":[{"href":"http:\/\/www.politikfrance.fr\/index.php\/wp-json\/wp\/v2\/pages\/552","targetHints":{"allow":["GET"]}}],"collection":[{"href":"http:\/\/www.politikfrance.fr\/index.php\/wp-json\/wp\/v2\/pages"}],"about":[{"href":"http:\/\/www.politikfrance.fr\/index.php\/wp-json\/wp\/v2\/types\/page"}],"author":[{"embeddable":true,"href":"http:\/\/www.politikfrance.fr\/index.php\/wp-json\/wp\/v2\/users\/2"}],"replies":[{"embeddable":true,"href":"http:\/\/www.politikfrance.fr\/index.php\/wp-json\/wp\/v2\/comments?post=552"}],"version-history":[{"count":5,"href":"http:\/\/www.politikfrance.fr\/index.php\/wp-json\/wp\/v2\/pages\/552\/revisions"}],"predecessor-version":[{"id":559,"href":"http:\/\/www.politikfrance.fr\/index.php\/wp-json\/wp\/v2\/pages\/552\/revisions\/559"}],"wp:attachment":[{"href":"http:\/\/www.politikfrance.fr\/index.php\/wp-json\/wp\/v2\/media?parent=552"}],"curies":[{"name":"wp","href":"https:\/\/api.w.org\/{rel}","templated":true}]}}