{"id":680,"date":"2019-07-30T17:51:59","date_gmt":"2019-07-30T17:51:59","guid":{"rendered":"http:\/\/www.politikfrance.fr\/?page_id=680"},"modified":"2024-06-17T05:44:59","modified_gmt":"2024-06-17T05:44:59","slug":"lart-culture-sport","status":"publish","type":"page","link":"http:\/\/www.politikfrance.fr\/index.php\/accueil-2\/reunion\/lart-culture-sport\/","title":{"rendered":"PROMOTION DE LA CULTURE"},"content":{"rendered":"<p><span style=\"color: #3366ff;\">L&rsquo;ART, LA CULTURE ET LE SPORT<\/span><\/p>\n<p>&nbsp;<\/p>\n<p>en construction (11\/06\/2024)<\/p>\n<p><span style=\"color: #3366ff;\">1 \/ LA RECONNAISSANCE CULTURELLE REMARQUABLE<br \/>\n<\/span><\/p>\n<p><span style=\"color: #3366ff;\">Nous avons preuve aujourd&rsquo;hui, dans le domaine de la musique, de l&rsquo;existence de partition, de rythme sp\u00e9cifique \u00e0 une entit\u00e9 g\u00e9ographique. Pour exemple, nous pouvons prendre La salsa, associ\u00e9 \u00e0 Cuba, et le Maloya, associ\u00e9 \u00e0 la R\u00e9union.<br \/>\n<\/span><\/p>\n<p>L&rsquo;Histoire de ces musiques et de leurs av\u00e8nements est \u00e9troitement li\u00e9 \u00e0 l&rsquo;histoire de leurs territoires de naissance. Ces musiques portent souvent des symbolismes civilisationnelles fortes pour les populations qui y vivent.<\/p>\n<p>Aujourd&rsquo;hui, dans notre monde mondialis\u00e9, avec les moyens technologiques d\u00e9velopp\u00e9es, ces arts musicaux sp\u00e9cifiques repr\u00e9sentent une valeur marchande significative &#8230;<\/p>\n<p>Nous les voyons appara\u00eetre dans nombre de festivals \u00e0 travers le monde. Bien s\u00fbr, ces \u00e9v\u00e8nements g\u00e9n\u00e8rent des b\u00e9n\u00e9fices. Et avec eux apparaissent, les conflits.<\/p>\n<p>En effet, certains d\u00e9noncent les appropriations culturels, un peu comme dans la bio-piraterie.<\/p>\n<p style=\"text-align: left;\">Les communaut\u00e9s \u00e0 bases de ces musique, n&rsquo;ont pas les capacit\u00e9s de production que peuvent avoir les soci\u00e9t\u00e9s commerciales de musiques. C&rsquo;est d&rsquo;autant plus dommageable quand l&rsquo;artiste ou les artistes qui interpr\u00e8tent ces musiques ne sont pas originaires des communaut\u00e9s d&rsquo;origine.<\/p>\n<p style=\"text-align: left;\">Et du coup, les revenus g\u00e9n\u00e9rer par leurs patrimoines leur \u00e9chappent. Cela n&rsquo;est pas juste.<\/p>\n<p>&nbsp;<\/p>\n<p>&nbsp;<\/p>\n<p>&nbsp;<\/p>\n<p>Aujourd&rsquo;hui, avec la mondialisation et la technologie, nombre de<\/p>\n","protected":false},"excerpt":{"rendered":"<p>L&rsquo;ART, LA CULTURE ET LE SPORT &nbsp; en construction (11\/06\/2024) 1 \/ LA RECONNAISSANCE CULTURELLE REMARQUABLE Nous avons preuve aujourd&rsquo;hui, dans le domaine de la musique, de l&rsquo;existence de partition, de rythme sp\u00e9cifique \u00e0 une entit\u00e9 g\u00e9ographique. Pour exemple, nous <a href=\"http:\/\/www.politikfrance.fr\/index.php\/accueil-2\/reunion\/lart-culture-sport\/\" class=\"read-more\">En savoir plus &#8230;<\/a><\/p>\n","protected":false},"author":2,"featured_media":0,"parent":281,"menu_order":0,"comment_status":"closed","ping_status":"closed","template":"","meta":{"footnotes":""},"class_list":["post-680","page","type-page","status-publish","hentry"],"_links":{"self":[{"href":"http:\/\/www.politikfrance.fr\/index.php\/wp-json\/wp\/v2\/pages\/680","targetHints":{"allow":["GET"]}}],"collection":[{"href":"http:\/\/www.politikfrance.fr\/index.php\/wp-json\/wp\/v2\/pages"}],"about":[{"href":"http:\/\/www.politikfrance.fr\/index.php\/wp-json\/wp\/v2\/types\/page"}],"author":[{"embeddable":true,"href":"http:\/\/www.politikfrance.fr\/index.php\/wp-json\/wp\/v2\/users\/2"}],"replies":[{"embeddable":true,"href":"http:\/\/www.politikfrance.fr\/index.php\/wp-json\/wp\/v2\/comments?post=680"}],"version-history":[{"count":7,"href":"http:\/\/www.politikfrance.fr\/index.php\/wp-json\/wp\/v2\/pages\/680\/revisions"}],"predecessor-version":[{"id":956,"href":"http:\/\/www.politikfrance.fr\/index.php\/wp-json\/wp\/v2\/pages\/680\/revisions\/956"}],"up":[{"embeddable":true,"href":"http:\/\/www.politikfrance.fr\/index.php\/wp-json\/wp\/v2\/pages\/281"}],"wp:attachment":[{"href":"http:\/\/www.politikfrance.fr\/index.php\/wp-json\/wp\/v2\/media?parent=680"}],"curies":[{"name":"wp","href":"https:\/\/api.w.org\/{rel}","templated":true}]}}