{"id":689,"date":"2019-07-30T18:37:55","date_gmt":"2019-07-30T18:37:55","guid":{"rendered":"http:\/\/www.politikfrance.fr\/?page_id=689"},"modified":"2019-07-30T18:43:33","modified_gmt":"2019-07-30T18:43:33","slug":"leducation-et-la-formation","status":"publish","type":"page","link":"http:\/\/www.politikfrance.fr\/index.php\/accueil-2\/reunion\/leducation-et-la-formation\/","title":{"rendered":"L&rsquo;EDUCATION ET LA FORMATION"},"content":{"rendered":"<p>L&rsquo;EDUCATION :<\/p>\n<p>le nombre d&rsquo;\u00e9l\u00e8ve en primaire, en secondaire, en tertiaire, en \u00e9tude sup\u00e9rieur.<\/p>\n<p>N\u00e9cessit\u00e9 des \u00e9changes entre entreprises et apprenant, notamment sur les fili\u00e8res professionnelles.<\/p>\n<p>LE STRUCTUREL :<\/p>\n<p>ESIROI : Ecole Sup\u00e9rieur d&rsquo;Ingenieur R\u00e9union Oc\u00e9an Indien<\/p>\n<p>Figure parmis les 205 Ecoles d&rsquo;ing\u00e9nieurs en France (CTI), d\u00e9livrant un Dipl\u00f4me Europ\u00e9en. Destin\u00e9 \u00e0 form\u00e9 des Ing\u00e9nieurs polyvalents adapt\u00e9s \u00e0 l&rsquo;Economie Internationalis\u00e9.<\/p>\n<p>LA FORMATION :<\/p>\n<p>La Formation Continue des Chefs d&rsquo;Entreprises.<\/p>\n<p>la Formation aux actifs, en groupe (type MOOC)<\/p>\n<p>&nbsp;<\/p>\n","protected":false},"excerpt":{"rendered":"<p>L&rsquo;EDUCATION : le nombre d&rsquo;\u00e9l\u00e8ve en primaire, en secondaire, en tertiaire, en \u00e9tude sup\u00e9rieur. N\u00e9cessit\u00e9 des \u00e9changes entre entreprises et apprenant, notamment sur les fili\u00e8res professionnelles. LE STRUCTUREL : ESIROI : Ecole Sup\u00e9rieur d&rsquo;Ingenieur R\u00e9union Oc\u00e9an Indien Figure parmis les <a href=\"http:\/\/www.politikfrance.fr\/index.php\/accueil-2\/reunion\/leducation-et-la-formation\/\" class=\"read-more\">En savoir plus &#8230;<\/a><\/p>\n","protected":false},"author":2,"featured_media":0,"parent":281,"menu_order":0,"comment_status":"closed","ping_status":"closed","template":"","meta":{"footnotes":""},"class_list":["post-689","page","type-page","status-publish","hentry"],"_links":{"self":[{"href":"http:\/\/www.politikfrance.fr\/index.php\/wp-json\/wp\/v2\/pages\/689","targetHints":{"allow":["GET"]}}],"collection":[{"href":"http:\/\/www.politikfrance.fr\/index.php\/wp-json\/wp\/v2\/pages"}],"about":[{"href":"http:\/\/www.politikfrance.fr\/index.php\/wp-json\/wp\/v2\/types\/page"}],"author":[{"embeddable":true,"href":"http:\/\/www.politikfrance.fr\/index.php\/wp-json\/wp\/v2\/users\/2"}],"replies":[{"embeddable":true,"href":"http:\/\/www.politikfrance.fr\/index.php\/wp-json\/wp\/v2\/comments?post=689"}],"version-history":[{"count":2,"href":"http:\/\/www.politikfrance.fr\/index.php\/wp-json\/wp\/v2\/pages\/689\/revisions"}],"predecessor-version":[{"id":691,"href":"http:\/\/www.politikfrance.fr\/index.php\/wp-json\/wp\/v2\/pages\/689\/revisions\/691"}],"up":[{"embeddable":true,"href":"http:\/\/www.politikfrance.fr\/index.php\/wp-json\/wp\/v2\/pages\/281"}],"wp:attachment":[{"href":"http:\/\/www.politikfrance.fr\/index.php\/wp-json\/wp\/v2\/media?parent=689"}],"curies":[{"name":"wp","href":"https:\/\/api.w.org\/{rel}","templated":true}]}}

<p>L&rsquo;EDUCATION :</p>
<p>le nombre d&rsquo;élève en primaire, en secondaire, en tertiaire, en étude supérieur.</p>
<p>Nécessité des échanges entre entreprises et apprenant, notamment sur les filières professionnelles.</p>
<p>LE STRUCTUREL :</p>
<p>ESIROI : Ecole Supérieur d&rsquo;Ingenieur Réunion Océan Indien</p>
<p>Figure parmis les 205 Ecoles d&rsquo;ingénieurs en France (CTI), délivrant un Diplôme Européen. Destiné à formé des Ingénieurs polyvalents adaptés à l&rsquo;Economie Internationalisé.</p>
<p>LA FORMATION :</p>
<p>La Formation Continue des Chefs d&rsquo;Entreprises.</p>
<p>la Formation aux actifs, en groupe (type MOOC)</p>
<p>&nbsp;</p>

<p>L&rsquo;EDUCATION : le nombre d&rsquo;élève en primaire, en secondaire, en tertiaire, en étude supérieur. Nécessité des échanges entre entreprises et apprenant, notamment sur les filières professionnelles. LE STRUCTUREL : ESIROI : Ecole Supérieur d&rsquo;Ingenieur Réunion Océan Indien Figure parmis les <a href="http://www.politikfrance.fr/index.php/accueil-2/reunion/leducation-et-la-formation/" class="read-more">En savoir plus &#8230;</a></p>
