{"id":790,"date":"2020-02-11T18:52:57","date_gmt":"2020-02-11T18:52:57","guid":{"rendered":"http:\/\/www.politikfrance.fr\/?page_id=790"},"modified":"2020-02-11T19:52:23","modified_gmt":"2020-02-11T19:52:23","slug":"saint-denis","status":"publish","type":"page","link":"http:\/\/www.politikfrance.fr\/index.php\/accueil-2\/reunion\/saint-denis\/","title":{"rendered":"SAINT DENIS"},"content":{"rendered":"<h2><\/h2>\n<h2><\/h2>\n<h2>1 \/ Embouteillage : Fluidifier la circulation dans Saint Denis<\/h2>\n<p>Ce que nous allons vous proposez va vous faire <strong>sourire<\/strong>. Mais pour autant, analyser le consciencieusement, parce que dites vous que<strong> le fun n&#8217;emp\u00eache pas l&rsquo;efficacit\u00e9<\/strong>.<\/p>\n<p>Nous avons <strong>une ville embouteill\u00e9e r\u00e9guli\u00e8rement<\/strong> \u00e0 ses deux entr\u00e9es et aussi, en son centre, lieu de tous les commerces.<\/p>\n<p>Nous allons ici nous pencher sur<strong> le flux \u00e0 l&rsquo;int\u00e9rieur de la ville<\/strong>. Les <strong>embouteillages<\/strong> y sont fr\u00e9quents. Cela entra\u00eene des <strong>difficult\u00e9s pour se garer, des perte de temps, de la pollution<\/strong>. Ce qui a pour cons\u00e9quence, <strong>une diminution<\/strong> du flux de personne et donc <strong>du commerce<\/strong>. Nous pouvons parler aussi d&rsquo;une p\u00e9nibilit\u00e9 du trajet.<\/p>\n<p><strong>Notre proposition, un \u00e9tat d&rsquo;esprit<\/strong>.<\/p>\n<p>Pour qui a d\u00e9j\u00e0 visit\u00e9 Madagascar, comprendra tr\u00e8s vite la philosophie.<\/p>\n<p><strong>Une solution , les Pouss pouss<\/strong> en remplacement des voitures. L&rsquo;id\u00e9e est de substituer aux flux de voitures, une ribambelle de Pouss Pouss.<\/p>\n<p>Oui, mais la R\u00e9union est en pente ? qui a les muscles pour tirer sa ?<\/p>\n<p>Qui parle de muscle, <strong>des Pouss Pouss \u00e9lectriques<\/strong> voyons ? <strong>Le Wello<\/strong>, sa vous dit quelques choses ? <strong>ce petit triroue \u00e9lectrique \u00e0 panneau solaire sur le toit d\u00e9velopper par Arnaud Chereau, \u00e0 la R\u00e9union m\u00eame !<\/strong><\/p>\n<p>Il demanderait des adaptations pour porter deux passagers, et un peu de bagages. Mais <strong>son faible encombrement, ferait qu&rsquo;on doublerait en ville le nombre de voies, le nombre de places de parking aussi<\/strong>.<\/p>\n<p><strong> Imaginer.<\/strong><\/p>\n<p>Combien sa va me co\u00fbter ? Il nous faudrait voir le seuil de rentabilit\u00e9, qui prendra en compte la dur\u00e9e de vie du v\u00e9hicule et son entretien, ainsi que son co\u00fbt d&rsquo;achat. <strong>On peut imaginer un tarif \u00e0 la course, raisonnable<\/strong>. Puisque les embouteillages diminueraient, la perte de temps aussi, et donc <strong>le\u00a0 nombre de course<\/strong> dans notre petite agglom\u00e9ration, pourrait se faire <strong>\u00e0 une fr\u00e9quence \u00e9lev\u00e9e<\/strong>, de tous les trente minutes en moyenne. On pourrait imaginer aussi un achat par des exploitants, comme les bus, ou les soci\u00e9t\u00e9s de taxis, qui embaucheraient des chauffeurs o\u00f9 louerait \u00e0 la journ\u00e9e, \u00e0 la semaine, au mois, \u00e0 l&rsquo;ann\u00e9e, qui serait tent\u00e9 par l&rsquo;exp\u00e9rience. <strong>Cela ferait beaucoup beaucoup d&#8217;emplois<\/strong>.<\/p>\n<p>Oui mais, o\u00f9 vais je mettre ma voiture ? quand j&rsquo;arriverais aux abords de Saint Denis ? Voyons, nous savons construire des immeubles et des parkings. <strong>Faisons des immeubles parking aux entr\u00e9es de Saint Denis, gratuit<\/strong>. Puisque la course sera payante, et les b\u00e9n\u00e9fices diminueront les co\u00fbts de la ville. Ou des parking \u00e0 co\u00fbt r\u00e9duit.<\/p>\n<p>Des parking \u00e0 double face, d&rsquo;un c\u00f4t\u00e9 l&rsquo;entr\u00e9 des voitures, de l&rsquo;autre, la sortie des Wellos.<\/p>\n<p>Et si j&rsquo;ai des <strong>choses encombrantes<\/strong> \u00e0 prendre ? Mais <strong>prenez votre voiture<\/strong>, la circulation en voiture n&rsquo;est nullement interdit. Cela vous prendra autant de temps qu&rsquo;aujourd&rsquo;hui. D&rsquo;ailleurs <strong>les bus continueront de circuler<\/strong>, les gros v\u00e9hicules de livraison aussi, peut \u00eatre. <strong>Aucune interdiction ne sera mise en oeuvre<\/strong>. Ce qui change juste sera la pr\u00e9sence de ces taxis Wellos, solaire, confortable, agile et rapide, se faufilant dans les rue de la ville, avec vous dedans. Vous, usagers ferez votre choix. Moi, le mien est d\u00e9j\u00e0 fait.<\/p>\n<p>&nbsp;<\/p>\n<p>&nbsp;<\/p>\n<p>&nbsp;<\/p>\n","protected":false},"excerpt":{"rendered":"<p>1 \/ Embouteillage : Fluidifier la circulation dans Saint Denis Ce que nous allons vous proposez va vous faire sourire. Mais pour autant, analyser le consciencieusement, parce que dites vous que le fun n&#8217;emp\u00eache pas l&rsquo;efficacit\u00e9. Nous avons une ville <a href=\"http:\/\/www.politikfrance.fr\/index.php\/accueil-2\/reunion\/saint-denis\/\" class=\"read-more\">En savoir plus &#8230;<\/a><\/p>\n","protected":false},"author":2,"featured_media":0,"parent":281,"menu_order":0,"comment_status":"closed","ping_status":"closed","template":"","meta":{"footnotes":""},"class_list":["post-790","page","type-page","status-publish","hentry"],"_links":{"self":[{"href":"http:\/\/www.politikfrance.fr\/index.php\/wp-json\/wp\/v2\/pages\/790","targetHints":{"allow":["GET"]}}],"collection":[{"href":"http:\/\/www.politikfrance.fr\/index.php\/wp-json\/wp\/v2\/pages"}],"about":[{"href":"http:\/\/www.politikfrance.fr\/index.php\/wp-json\/wp\/v2\/types\/page"}],"author":[{"embeddable":true,"href":"http:\/\/www.politikfrance.fr\/index.php\/wp-json\/wp\/v2\/users\/2"}],"replies":[{"embeddable":true,"href":"http:\/\/www.politikfrance.fr\/index.php\/wp-json\/wp\/v2\/comments?post=790"}],"version-history":[{"count":6,"href":"http:\/\/www.politikfrance.fr\/index.php\/wp-json\/wp\/v2\/pages\/790\/revisions"}],"predecessor-version":[{"id":797,"href":"http:\/\/www.politikfrance.fr\/index.php\/wp-json\/wp\/v2\/pages\/790\/revisions\/797"}],"up":[{"embeddable":true,"href":"http:\/\/www.politikfrance.fr\/index.php\/wp-json\/wp\/v2\/pages\/281"}],"wp:attachment":[{"href":"http:\/\/www.politikfrance.fr\/index.php\/wp-json\/wp\/v2\/media?parent=790"}],"curies":[{"name":"wp","href":"https:\/\/api.w.org\/{rel}","templated":true}]}}

<h2></h2>
<h2></h2>
<h2>1 / Embouteillage : Fluidifier la circulation dans Saint Denis</h2>
<p>Ce que nous allons vous proposez va vous faire <strong>sourire</strong>. Mais pour autant, analyser le consciencieusement, parce que dites vous que<strong> le fun n&#8217;empêche pas l&rsquo;efficacité</strong>.</p>
<p>Nous avons <strong>une ville embouteillée régulièrement</strong> à ses deux entrées et aussi, en son centre, lieu de tous les commerces.</p>
<p>Nous allons ici nous pencher sur<strong> le flux à l&rsquo;intérieur de la ville</strong>. Les <strong>embouteillages</strong> y sont fréquents. Cela entraîne des <strong>difficultés pour se garer, des perte de temps, de la pollution</strong>. Ce qui a pour conséquence, <strong>une diminution</strong> du flux de personne et donc <strong>du commerce</strong>. Nous pouvons parler aussi d&rsquo;une pénibilité du trajet.</p>
<p><strong>Notre proposition, un état d&rsquo;esprit</strong>.</p>
<p>Pour qui a déjà visité Madagascar, comprendra très vite la philosophie.</p>
<p><strong>Une solution , les Pouss pouss</strong> en remplacement des voitures. L&rsquo;idée est de substituer aux flux de voitures, une ribambelle de Pouss Pouss.</p>
<p>Oui, mais la Réunion est en pente ? qui a les muscles pour tirer sa ?</p>
<p>Qui parle de muscle, <strong>des Pouss Pouss électriques</strong> voyons ? <strong>Le Wello</strong>, sa vous dit quelques choses ? <strong>ce petit triroue électrique à panneau solaire sur le toit développer par Arnaud Chereau, à la Réunion même !</strong></p>
<p>Il demanderait des adaptations pour porter deux passagers, et un peu de bagages. Mais <strong>son faible encombrement, ferait qu&rsquo;on doublerait en ville le nombre de voies, le nombre de places de parking aussi</strong>.</p>
<p><strong> Imaginer.</strong></p>
<p>Combien sa va me coûter ? Il nous faudrait voir le seuil de rentabilité, qui prendra en compte la durée de vie du véhicule et son entretien, ainsi que son coût d&rsquo;achat. <strong>On peut imaginer un tarif à la course, raisonnable</strong>. Puisque les embouteillages diminueraient, la perte de temps aussi, et donc <strong>le  nombre de course</strong> dans notre petite agglomération, pourrait se faire <strong>à une fréquence élevée</strong>, de tous les trente minutes en moyenne. On pourrait imaginer aussi un achat par des exploitants, comme les bus, ou les sociétés de taxis, qui embaucheraient des chauffeurs où louerait à la journée, à la semaine, au mois, à l&rsquo;année, qui serait tenté par l&rsquo;expérience. <strong>Cela ferait beaucoup beaucoup d&#8217;emplois</strong>.</p>
<p>Oui mais, où vais je mettre ma voiture ? quand j&rsquo;arriverais aux abords de Saint Denis ? Voyons, nous savons construire des immeubles et des parkings. <strong>Faisons des immeubles parking aux entrées de Saint Denis, gratuit</strong>. Puisque la course sera payante, et les bénéfices diminueront les coûts de la ville. Ou des parking à coût réduit.</p>
<p>Des parking à double face, d&rsquo;un côté l&rsquo;entré des voitures, de l&rsquo;autre, la sortie des Wellos.</p>
<p>Et si j&rsquo;ai des <strong>choses encombrantes</strong> à prendre ? Mais <strong>prenez votre voiture</strong>, la circulation en voiture n&rsquo;est nullement interdit. Cela vous prendra autant de temps qu&rsquo;aujourd&rsquo;hui. D&rsquo;ailleurs <strong>les bus continueront de circuler</strong>, les gros véhicules de livraison aussi, peut être. <strong>Aucune interdiction ne sera mise en oeuvre</strong>. Ce qui change juste sera la présence de ces taxis Wellos, solaire, confortable, agile et rapide, se faufilant dans les rue de la ville, avec vous dedans. Vous, usagers ferez votre choix. Moi, le mien est déjà fait.</p>
<p>&nbsp;</p>
<p>&nbsp;</p>
<p>&nbsp;</p>

<p>1 / Embouteillage : Fluidifier la circulation dans Saint Denis Ce que nous allons vous proposez va vous faire sourire. Mais pour autant, analyser le consciencieusement, parce que dites vous que le fun n&#8217;empêche pas l&rsquo;efficacité. Nous avons une ville <a href="http://www.politikfrance.fr/index.php/accueil-2/reunion/saint-denis/" class="read-more">En savoir plus &#8230;</a></p>
