{"id":895,"date":"2024-03-14T12:47:51","date_gmt":"2024-03-14T12:47:51","guid":{"rendered":"http:\/\/www.politikfrance.fr\/?page_id=895"},"modified":"2024-03-14T12:47:51","modified_gmt":"2024-03-14T12:47:51","slug":"leurope-et-ses-rup","status":"publish","type":"page","link":"http:\/\/www.politikfrance.fr\/index.php\/leurope-et-ses-rup\/","title":{"rendered":"L&rsquo;EUROPE et ses RUP"},"content":{"rendered":"<h1 style=\"text-align: center;\">L&rsquo;Europe et ses R\u00e9gions Ultrap\u00e9riph\u00e9riques :<\/h1>\n<h2>Les donn\u00e9es :<\/h2>\n<p>La France :<\/p>\n<p>Superficie terrestre : 120369 km\u00b2<\/p>\n<p>Nombre d&rsquo;habitants : 2,8 millions<\/p>\n<p>Surperficie Marine Zone Economique Exclusive, ZEE : 10070754 km\u00b2<\/p>\n<p>Le Portugal :<\/p>\n<p>Superficie terrestre : 3124 km\u00b2<\/p>\n<p>Surperficie Marine Zone Economique Exclusive, ZEE : 10070754 km\u00b2<\/p>\n<p>L&rsquo;Espagne<\/p>\n<p>Superficie terrestre : 7445 km\u00b2<\/p>\n<p>Surperficie Marine Zone Economique Exclusive, ZEE : 10070754 km\u00b2<\/p>\n<p>&nbsp;<\/p>\n","protected":false},"excerpt":{"rendered":"<p>L&rsquo;Europe et ses R\u00e9gions Ultrap\u00e9riph\u00e9riques : Les donn\u00e9es : La France : Superficie terrestre : 120369 km\u00b2 Nombre d&rsquo;habitants : 2,8 millions Surperficie Marine Zone Economique Exclusive, ZEE : 10070754 km\u00b2 Le Portugal : Superficie terrestre : 3124 km\u00b2 Surperficie <a href=\"http:\/\/www.politikfrance.fr\/index.php\/leurope-et-ses-rup\/\" class=\"read-more\">En savoir plus &#8230;<\/a><\/p>\n","protected":false},"author":2,"featured_media":0,"parent":0,"menu_order":0,"comment_status":"closed","ping_status":"closed","template":"","meta":{"footnotes":""},"class_list":["post-895","page","type-page","status-publish","hentry"],"_links":{"self":[{"href":"http:\/\/www.politikfrance.fr\/index.php\/wp-json\/wp\/v2\/pages\/895","targetHints":{"allow":["GET"]}}],"collection":[{"href":"http:\/\/www.politikfrance.fr\/index.php\/wp-json\/wp\/v2\/pages"}],"about":[{"href":"http:\/\/www.politikfrance.fr\/index.php\/wp-json\/wp\/v2\/types\/page"}],"author":[{"embeddable":true,"href":"http:\/\/www.politikfrance.fr\/index.php\/wp-json\/wp\/v2\/users\/2"}],"replies":[{"embeddable":true,"href":"http:\/\/www.politikfrance.fr\/index.php\/wp-json\/wp\/v2\/comments?post=895"}],"version-history":[{"count":1,"href":"http:\/\/www.politikfrance.fr\/index.php\/wp-json\/wp\/v2\/pages\/895\/revisions"}],"predecessor-version":[{"id":897,"href":"http:\/\/www.politikfrance.fr\/index.php\/wp-json\/wp\/v2\/pages\/895\/revisions\/897"}],"wp:attachment":[{"href":"http:\/\/www.politikfrance.fr\/index.php\/wp-json\/wp\/v2\/media?parent=895"}],"curies":[{"name":"wp","href":"https:\/\/api.w.org\/{rel}","templated":true}]}}