{"id":937,"date":"2024-06-11T18:03:45","date_gmt":"2024-06-11T18:03:45","guid":{"rendered":"http:\/\/www.politikfrance.fr\/?page_id=937"},"modified":"2024-06-11T18:03:45","modified_gmt":"2024-06-11T18:03:45","slug":"legislatives-2024","status":"publish","type":"page","link":"http:\/\/www.politikfrance.fr\/index.php\/legislatives-2024\/","title":{"rendered":"LEGISLATIVES 2024"},"content":{"rendered":"<h1>LEGISLATIVES 2024<img loading=\"lazy\" decoding=\"async\" class=\"size-medium wp-image-16 alignleft\" src=\"http:\/\/www.politikfrance.fr\/wp-content\/uploads\/2016\/05\/France-300x180.jpg\" alt=\"\" width=\"300\" height=\"180\" srcset=\"http:\/\/www.politikfrance.fr\/wp-content\/uploads\/2016\/05\/France-300x180.jpg 300w, http:\/\/www.politikfrance.fr\/wp-content\/uploads\/2016\/05\/France-768x461.jpg 768w, http:\/\/www.politikfrance.fr\/wp-content\/uploads\/2016\/05\/France-1024x615.jpg 1024w, http:\/\/www.politikfrance.fr\/wp-content\/uploads\/2016\/05\/France-360x216.jpg 360w\" sizes=\"auto, (max-width: 300px) 100vw, 300px\" \/><\/h1>\n<p>&nbsp;<\/p>\n<p>&nbsp;<\/p>\n<p>&nbsp;<\/p>\n<p>&nbsp;<\/p>\n<p>&nbsp;<\/p>\n<p>Fr\u00e9deric AMANY, concepteur du site et soutien<\/p>\n<p><img loading=\"lazy\" decoding=\"async\" class=\"alignright size-full wp-image-101\" src=\"http:\/\/www.politikfrance.fr\/wp-content\/uploads\/2016\/05\/frederic.png\" alt=\"frederic\" width=\"277\" height=\"277\" srcset=\"http:\/\/www.politikfrance.fr\/wp-content\/uploads\/2016\/05\/frederic.png 277w, http:\/\/www.politikfrance.fr\/wp-content\/uploads\/2016\/05\/frederic-150x150.png 150w, http:\/\/www.politikfrance.fr\/wp-content\/uploads\/2016\/05\/frederic-270x270.png 270w\" sizes=\"auto, (max-width: 277px) 100vw, 277px\" \/><\/p>\n<p>Chef d&rsquo;entreprise \u00e2g\u00e9 de 55 ans, citoyen et contribuable tout comme vous, au devant d&rsquo;une situation \u00e9conomique et sociale chaque jour plus difficile, voire d\u00e9sastreuse, j&rsquo;ai d\u00e9cid\u00e9 de me porter candidat aux prochaines \u00e9lections l\u00e9gislatives sur la 7i\u00e8me circonscription de la R\u00e9union.<\/p>\n<p>Certains d&rsquo;entre-vous me connaissent d\u00e9j\u00e0, au travers notamment des diff\u00e9rents combats que je m\u00e8ne par la voie associative, pour la libert\u00e9, et contre la fin d&rsquo;un pouvoir sans limite et spoliateur vis \u00e0 vis des citoyens.<\/p>\n<p>&nbsp;<\/p>\n<h2>Le\u00a0<b>PROGRAMME :\u00a0<\/b><b>R\u00c9DUIRE LES IN\u00c9GALIT\u00c9S, L\u2019INJUSTICE ET LA PAUVRET\u00c9<\/b><\/h2>\n<p><u><b>SOCIAL \/ SANT\u00c9 <\/b><\/u><\/p>\n<p>&#8211; Retraite minimum de 800 \u20ac pour tous<\/p>\n<p>&#8211; Alignement de la retraite entre le public et le priv\u00e9<\/p>\n<p>&#8211; AAH maintien minimum<\/p>\n<p>&#8211; \u00c9galit\u00e9 des chances (instruction, formation, concours, march\u00e9 public)<\/p>\n<p>&#8211; Moralisation de la vie politique<\/p>\n<p><u><b>ECONOMIE\u00a0: Taxes \/ imp\u00f4ts<\/b><\/u><\/p>\n<p>&#8211; Mettre en place le contrat d&rsquo; activit\u00e9 pour augmenter le volume d&rsquo;Emploi<\/p>\n<p>&#8211; Libert\u00e9 du choix de la protection social<\/p>\n<p>&#8211; Libert\u00e9 d\u2019entreprendre<\/p>\n<p>&#8211; La l&rsquo;ODEOM<\/p>\n<p>&#8211; L\u2019octroi de mercredi<\/p>\n<p>&#8211; Mise en place de Zone franche globale<\/p>\n<p>&#8211; Offrir des conditions favorable aux produits locaux<\/p>\n<p>&#8211; Contr\u00f4le des finances publiques<\/p>\n<p><u><b>ECOLOGIE<\/b><\/u><\/p>\n<p>&#8211; Lutter contre les Huile et gaz de schiste<\/p>\n<p>&#8211; Tendre vers le Z\u00e9ro d\u00e9chets<\/p>\n<p>&#8211; Contre la carri\u00e8re de Bois Blanc<\/p>\n<p><u><b>DESENCLAVEMENT <\/b><\/u><\/p>\n<p>&#8211; D\u00e9fende l&rsquo;A\u00e9roport international de Saint Pierre<\/p>\n<p>&#8211; Des mesures favorables aux Entreprises Touristiques<\/p>\n<p><u><b>L\u2019AGRICULTURE \/ PECHE<\/b><\/u><\/p>\n<p><i>PECHE<\/i><\/p>\n<p>R\u00e9serve marine et Parc National des Hauts<\/p>\n<ul>\n<li>Augmenter les \u00e9changes entre les scientifiques, la population r\u00e9unionnaise et la presse local,<\/li>\n<li>mettre en place une r\u00e9gulation de la population de requin<\/li>\n<\/ul>\n<p>&#8211; Travailler en harmonie avec la r\u00e9serve naturel, l\u2019humain et l\u2019\u00e9cosyst\u00e8me<\/p>\n<p>&#8211; D\u00e9velopper les p\u00eaches durable<\/p>\n<p><i>AGRICOLE<\/i><\/p>\n<p>&#8211; Inclure les co\u00fbts de productions dans les contrats<\/p>\n<p>&#8211; R\u00e9habilit\u00e9 les outils de r\u00e9gulation des march\u00e9s (taxes, quotas)<\/p>\n<p>&#8211; D\u00e9velopper les fili\u00e8res proximit\u00e9 en offrant des conditions favorables aux acteurs locaux<\/p>\n<p>&#8211; Egalit\u00e9 des mati\u00e8res d\u2019aides pour tous les producteurs<\/p>\n<p>&#8211; Exiger des concurrents ext\u00e9rieurs l&rsquo;application des normes fran\u00e7aises<\/p>\n<p>&#8211; Accompagner les agriculteurs dans le maintien et l\u2019acquisition des comp\u00e9tences<\/p>\n<p><u><b>CONTINUIT\u00c9 TERRITORIALE <\/b><\/u><\/p>\n<p>&#8211; Pour tout le monde<\/p>\n<p>&#8211; Sur tous les mat\u00e9riaux, mat\u00e9riels et marchandises venant de France<\/p>\n<h2>Quelques SOUTIENS :<\/h2>\n<p>Plus de 200 Personnalit\u00e9s, \u00a0dont :<\/p>\n<p>BUFFA Zermita. BLONDEL Willy. TOISON Vanessa. PAYET Mickael. LANGRON Fanch. MOLA Elizabeth. COURDON Sylvie. DIJOUX B\u00e9atrice. BEGUE Annick. ZANCOPE Pascal. NATIVEL Audrey. FERARD Marie Rose. NATIVEL Thierry. HOARAU Ma\u00ebva. NAUD Loic. TRULLES Wilfried. PETIT BERNARD Patricia. DIJOUX Bertin. GARROS Emmanuelle. PETIT BERNARD Thierry. MOREAU Marc. BATTY John. MAGNEAU R\u00e9gis. KOBILNYK Gregorie. ELIMI Asma. ANCELLY Emmanuelle. HONORINE Vincent . HOAREAU Cecile. SOUPRAYEN Laurent. BROSSE Josette. AMANY Frederic.<\/p>\n<p>La suppl\u00e9ante<\/p>\n<p>&nbsp;<\/p>\n<p>&nbsp;<\/p>\n<p>&nbsp;<\/p>\n<p>&nbsp;<\/p>\n<p>&nbsp;<\/p>\n<p>&nbsp;<\/p>\n<p>&nbsp;<\/p>\n<p>Coordonn\u00e9es :<\/p>\n<p>&nbsp;<\/p>\n","protected":false},"excerpt":{"rendered":"<p>LEGISLATIVES 2024 &nbsp; &nbsp; &nbsp; &nbsp; &nbsp; Fr\u00e9deric AMANY, concepteur du site et soutien Chef d&rsquo;entreprise \u00e2g\u00e9 de 55 ans, citoyen et contribuable tout comme vous, au devant d&rsquo;une situation \u00e9conomique et sociale chaque jour plus difficile, voire d\u00e9sastreuse, j&rsquo;ai <a href=\"http:\/\/www.politikfrance.fr\/index.php\/legislatives-2024\/\" class=\"read-more\">En savoir plus &#8230;<\/a><\/p>\n","protected":false},"author":2,"featured_media":0,"parent":0,"menu_order":0,"comment_status":"closed","ping_status":"closed","template":"","meta":{"footnotes":""},"class_list":["post-937","page","type-page","status-publish","hentry"],"_links":{"self":[{"href":"http:\/\/www.politikfrance.fr\/index.php\/wp-json\/wp\/v2\/pages\/937","targetHints":{"allow":["GET"]}}],"collection":[{"href":"http:\/\/www.politikfrance.fr\/index.php\/wp-json\/wp\/v2\/pages"}],"about":[{"href":"http:\/\/www.politikfrance.fr\/index.php\/wp-json\/wp\/v2\/types\/page"}],"author":[{"embeddable":true,"href":"http:\/\/www.politikfrance.fr\/index.php\/wp-json\/wp\/v2\/users\/2"}],"replies":[{"embeddable":true,"href":"http:\/\/www.politikfrance.fr\/index.php\/wp-json\/wp\/v2\/comments?post=937"}],"version-history":[{"count":1,"href":"http:\/\/www.politikfrance.fr\/index.php\/wp-json\/wp\/v2\/pages\/937\/revisions"}],"predecessor-version":[{"id":939,"href":"http:\/\/www.politikfrance.fr\/index.php\/wp-json\/wp\/v2\/pages\/937\/revisions\/939"}],"wp:attachment":[{"href":"http:\/\/www.politikfrance.fr\/index.php\/wp-json\/wp\/v2\/media?parent=937"}],"curies":[{"name":"wp","href":"https:\/\/api.w.org\/{rel}","templated":true}]}}

<h1>LEGISLATIVES 2024<img loading="lazy" decoding="async" class="size-medium wp-image-16 alignleft" src="http://www.politikfrance.fr/wp-content/uploads/2016/05/France-300x180.jpg" alt="" width="300" height="180" srcset="http://www.politikfrance.fr/wp-content/uploads/2016/05/France-300x180.jpg 300w, http://www.politikfrance.fr/wp-content/uploads/2016/05/France-768x461.jpg 768w, http://www.politikfrance.fr/wp-content/uploads/2016/05/France-1024x615.jpg 1024w, http://www.politikfrance.fr/wp-content/uploads/2016/05/France-360x216.jpg 360w" sizes="auto, (max-width: 300px) 100vw, 300px" /></h1>
<p>&nbsp;</p>
<p>&nbsp;</p>
<p>&nbsp;</p>
<p>&nbsp;</p>
<p>&nbsp;</p>
<p>Fréderic AMANY, concepteur du site et soutien</p>
<p><img loading="lazy" decoding="async" class="alignright size-full wp-image-101" src="http://www.politikfrance.fr/wp-content/uploads/2016/05/frederic.png" alt="frederic" width="277" height="277" srcset="http://www.politikfrance.fr/wp-content/uploads/2016/05/frederic.png 277w, http://www.politikfrance.fr/wp-content/uploads/2016/05/frederic-150x150.png 150w, http://www.politikfrance.fr/wp-content/uploads/2016/05/frederic-270x270.png 270w" sizes="auto, (max-width: 277px) 100vw, 277px" /></p>
<p>Chef d&rsquo;entreprise âgé de 55 ans, citoyen et contribuable tout comme vous, au devant d&rsquo;une situation économique et sociale chaque jour plus difficile, voire désastreuse, j&rsquo;ai décidé de me porter candidat aux prochaines élections législatives sur la 7ième circonscription de la Réunion.</p>
<p>Certains d&rsquo;entre-vous me connaissent déjà, au travers notamment des différents combats que je mène par la voie associative, pour la liberté, et contre la fin d&rsquo;un pouvoir sans limite et spoliateur vis à vis des citoyens.</p>
<p>&nbsp;</p>
<h2>Le <b>PROGRAMME : </b><b>RÉDUIRE LES INÉGALITÉS, L’INJUSTICE ET LA PAUVRETÉ</b></h2>
<p><u><b>SOCIAL / SANTÉ </b></u></p>
<p>&#8211; Retraite minimum de 800 € pour tous</p>
<p>&#8211; Alignement de la retraite entre le public et le privé</p>
<p>&#8211; AAH maintien minimum</p>
<p>&#8211; Égalité des chances (instruction, formation, concours, marché public)</p>
<p>&#8211; Moralisation de la vie politique</p>
<p><u><b>ECONOMIE : Taxes / impôts</b></u></p>
<p>&#8211; Mettre en place le contrat d&rsquo; activité pour augmenter le volume d&rsquo;Emploi</p>
<p>&#8211; Liberté du choix de la protection social</p>
<p>&#8211; Liberté d’entreprendre</p>
<p>&#8211; La l&rsquo;ODEOM</p>
<p>&#8211; L’octroi de mercredi</p>
<p>&#8211; Mise en place de Zone franche globale</p>
<p>&#8211; Offrir des conditions favorable aux produits locaux</p>
<p>&#8211; Contrôle des finances publiques</p>
<p><u><b>ECOLOGIE</b></u></p>
<p>&#8211; Lutter contre les Huile et gaz de schiste</p>
<p>&#8211; Tendre vers le Zéro déchets</p>
<p>&#8211; Contre la carrière de Bois Blanc</p>
<p><u><b>DESENCLAVEMENT </b></u></p>
<p>&#8211; Défende l&rsquo;Aéroport international de Saint Pierre</p>
<p>&#8211; Des mesures favorables aux Entreprises Touristiques</p>
<p><u><b>L’AGRICULTURE / PECHE</b></u></p>
<p><i>PECHE</i></p>
<p>Réserve marine et Parc National des Hauts</p>
<ul>
<li>Augmenter les échanges entre les scientifiques, la population réunionnaise et la presse local,</li>
<li>mettre en place une régulation de la population de requin</li>
</ul>
<p>&#8211; Travailler en harmonie avec la réserve naturel, l’humain et l’écosystème</p>
<p>&#8211; Développer les pêches durable</p>
<p><i>AGRICOLE</i></p>
<p>&#8211; Inclure les coûts de productions dans les contrats</p>
<p>&#8211; Réhabilité les outils de régulation des marchés (taxes, quotas)</p>
<p>&#8211; Développer les filières proximité en offrant des conditions favorables aux acteurs locaux</p>
<p>&#8211; Egalité des matières d’aides pour tous les producteurs</p>
<p>&#8211; Exiger des concurrents extérieurs l&rsquo;application des normes françaises</p>
<p>&#8211; Accompagner les agriculteurs dans le maintien et l’acquisition des compétences</p>
<p><u><b>CONTINUITÉ TERRITORIALE </b></u></p>
<p>&#8211; Pour tout le monde</p>
<p>&#8211; Sur tous les matériaux, matériels et marchandises venant de France</p>
<h2>Quelques SOUTIENS :</h2>
<p>Plus de 200 Personnalités,  dont :</p>
<p>BUFFA Zermita. BLONDEL Willy. TOISON Vanessa. PAYET Mickael. LANGRON Fanch. MOLA Elizabeth. COURDON Sylvie. DIJOUX Béatrice. BEGUE Annick. ZANCOPE Pascal. NATIVEL Audrey. FERARD Marie Rose. NATIVEL Thierry. HOARAU Maëva. NAUD Loic. TRULLES Wilfried. PETIT BERNARD Patricia. DIJOUX Bertin. GARROS Emmanuelle. PETIT BERNARD Thierry. MOREAU Marc. BATTY John. MAGNEAU Régis. KOBILNYK Gregorie. ELIMI Asma. ANCELLY Emmanuelle. HONORINE Vincent . HOAREAU Cecile. SOUPRAYEN Laurent. BROSSE Josette. AMANY Frederic.</p>
<p>La suppléante</p>
<p>&nbsp;</p>
<p>&nbsp;</p>
<p>&nbsp;</p>
<p>&nbsp;</p>
<p>&nbsp;</p>
<p>&nbsp;</p>
<p>&nbsp;</p>
<p>Coordonnées :</p>
<p>&nbsp;</p>

<p>LEGISLATIVES 2024 &nbsp; &nbsp; &nbsp; &nbsp; &nbsp; Fréderic AMANY, concepteur du site et soutien Chef d&rsquo;entreprise âgé de 55 ans, citoyen et contribuable tout comme vous, au devant d&rsquo;une situation économique et sociale chaque jour plus difficile, voire désastreuse, j&rsquo;ai <a href="http://www.politikfrance.fr/index.php/legislatives-2024/" class="read-more">En savoir plus &#8230;</a></p>
